Last updated on 2025-10-31 07:51:48 CET.
| Flavor | Version | Tinstall | Tcheck | Ttotal | Status | Flags | 
|---|---|---|---|---|---|---|
| r-devel-linux-x86_64-debian-clang | 0.5.5 | 6.80 | 72.91 | 79.71 | NOTE | |
| r-devel-linux-x86_64-debian-gcc | 0.5.5 | 4.97 | 52.43 | 57.40 | NOTE | |
| r-devel-linux-x86_64-fedora-clang | 0.5.5 | 29.00 | 99.90 | 128.90 | OK | |
| r-devel-linux-x86_64-fedora-gcc | 0.5.5 | 15.00 | 94.96 | 109.96 | OK | |
| r-devel-windows-x86_64 | 0.5.5 | 8.00 | 88.00 | 96.00 | OK | |
| r-patched-linux-x86_64 | 0.5.5 | 6.94 | 69.38 | 76.32 | OK | |
| r-release-linux-x86_64 | 0.5.5 | 7.25 | 70.63 | 77.88 | OK | |
| r-release-macos-arm64 | 0.5.5 | 3.00 | 36.00 | 39.00 | OK | |
| r-release-macos-x86_64 | 0.5.5 | 10.00 | 73.00 | 83.00 | OK | |
| r-release-windows-x86_64 | 0.5.5 | 9.00 | 86.00 | 95.00 | OK | |
| r-oldrel-macos-arm64 | 0.5.5 | 3.00 | 32.00 | 35.00 | OK | |
| r-oldrel-macos-x86_64 | 0.5.5 | 8.00 | 85.00 | 93.00 | OK | |
| r-oldrel-windows-x86_64 | 0.5.5 | 10.00 | 102.00 | 112.00 | OK | 
Version: 0.5.5
Check: CRAN incoming feasibility
Result: NOTE
  Maintainer: ‘Arthur Allignol <arthur.allignol@gmail.com>’
  
  No Authors@R field in DESCRIPTION.
  Please add one, modifying
    Authors@R: person(given = "Arthur",
                      family = "Allignol",
                      role = c("aut", "cre"),
                      email = "arthur.allignol@gmail.com")
  as necessary.
Flavors: r-devel-linux-x86_64-debian-clang, r-devel-linux-x86_64-debian-gcc