Last updated on 2024-05-13 07:50:05 CEST.
Flavor | Version | Tinstall | Tcheck | Ttotal | Status | Flags |
---|---|---|---|---|---|---|
r-devel-linux-x86_64-debian-clang | 0.2.0 | 117.99 | 150.83 | 268.82 | OK | |
r-devel-linux-x86_64-debian-gcc | 0.2.0 | 111.21 | 113.07 | 224.28 | OK | |
r-devel-linux-x86_64-fedora-clang | 0.2.0 | 350.84 | NOTE | |||
r-devel-linux-x86_64-fedora-gcc | 0.2.0 | 555.58 | NOTE | |||
r-devel-windows-x86_64 | 0.2.0 | 100.00 | 162.00 | 262.00 | OK | |
r-patched-linux-x86_64 | 0.2.0 | 141.19 | 142.90 | 284.09 | OK | |
r-release-linux-x86_64 | 0.2.0 | 146.34 | 139.47 | 285.81 | OK | |
r-release-macos-arm64 | 0.2.0 | 96.00 | NOTE | |||
r-release-windows-x86_64 | 0.2.0 | 100.00 | 162.00 | 262.00 | OK | |
r-oldrel-macos-arm64 | 0.2.0 | 127.00 | NOTE | |||
r-oldrel-macos-x86_64 | 0.2.0 | 257.00 | NOTE | |||
r-oldrel-windows-x86_64 | 0.2.0 | 122.00 | 198.00 | 320.00 | OK |
Version: 0.2.0
Check: dependencies in R code
Result: NOTE
Namespace in Imports field not imported from: ‘RcppProgress’
All declared Imports should be used.
Flavors: r-devel-linux-x86_64-fedora-clang, r-devel-linux-x86_64-fedora-gcc
Version: 0.2.0
Check: installed package size
Result: NOTE
installed size is 17.2Mb
sub-directories of 1Mb or more:
libs 16.8Mb
Flavors: r-release-macos-arm64, r-oldrel-macos-arm64, r-oldrel-macos-x86_64