Last updated on 2025-02-17 07:50:36 CET.
Flavor | Version | Tinstall | Tcheck | Ttotal | Status | Flags |
---|---|---|---|---|---|---|
r-devel-linux-x86_64-debian-clang | 0.14.1 | 25.72 | 110.07 | 135.79 | NOTE | |
r-devel-linux-x86_64-debian-gcc | 0.14.1 | 18.67 | 81.37 | 100.04 | NOTE | |
r-devel-linux-x86_64-fedora-clang | 0.14.1 | 229.72 | OK | |||
r-devel-linux-x86_64-fedora-gcc | 0.14.1 | 234.50 | OK | |||
r-devel-macos-arm64 | 0.14.1 | 69.00 | OK | |||
r-devel-macos-x86_64 | 0.14.1 | 143.00 | OK | |||
r-devel-windows-x86_64 | 0.14.1 | 31.00 | 135.00 | 166.00 | NOTE | |
r-patched-linux-x86_64 | 0.14.1 | 32.30 | 100.08 | 132.38 | NOTE | |
r-release-linux-x86_64 | 0.14.1 | 27.81 | 104.52 | 132.33 | NOTE | |
r-release-macos-arm64 | 0.14.1 | 68.00 | NOTE | |||
r-release-macos-x86_64 | 0.14.1 | 167.00 | NOTE | |||
r-release-windows-x86_64 | 0.14.1 | 32.00 | 137.00 | 169.00 | NOTE | |
r-oldrel-macos-arm64 | 0.14.1 | 77.00 | NOTE | |||
r-oldrel-macos-x86_64 | 0.14.1 | 188.00 | NOTE | |||
r-oldrel-windows-x86_64 | 0.14.1 | 38.00 | 170.00 | 208.00 | NOTE |
Version: 0.14.1
Check: Rd cross-references
Result: NOTE
Found the following Rd file(s) with Rd \link{} targets missing package
anchors:
kanjivec.Rd: dendextend
Please provide package anchors for all Rd \link{} targets not in the
package itself and the base packages.
Flavors: r-devel-linux-x86_64-debian-clang, r-devel-linux-x86_64-debian-gcc, r-devel-windows-x86_64
Version: 0.14.1
Check: package dependencies
Result: NOTE
Package suggested but not available for checking: ‘kanjistat.data’
Flavors: r-patched-linux-x86_64, r-release-linux-x86_64, r-release-macos-arm64, r-release-macos-x86_64, r-release-windows-x86_64, r-oldrel-macos-arm64, r-oldrel-macos-x86_64, r-oldrel-windows-x86_64