Last updated on 2025-05-09 07:50:58 CEST.
Flavor | Version | Tinstall | Tcheck | Ttotal | Status | Flags |
---|---|---|---|---|---|---|
r-devel-linux-x86_64-debian-clang | 1.0 | 4.59 | 36.41 | 41.00 | NOTE | |
r-devel-linux-x86_64-debian-gcc | 1.0 | 2.97 | 25.89 | 28.86 | NOTE | |
r-devel-linux-x86_64-fedora-clang | 1.0 | 62.69 | OK | |||
r-devel-linux-x86_64-fedora-gcc | 1.0 | 59.15 | OK | |||
r-devel-windows-x86_64 | 1.0 | 5.00 | 55.00 | 60.00 | OK | |
r-patched-linux-x86_64 | 1.0 | 5.33 | 33.88 | 39.21 | OK | |
r-release-linux-x86_64 | 1.0 | 4.04 | 33.71 | 37.75 | OK | |
r-release-macos-arm64 | 1.0 | 22.00 | OK | |||
r-release-macos-x86_64 | 1.0 | 39.00 | OK | |||
r-release-windows-x86_64 | 1.0 | 5.00 | 63.00 | 68.00 | OK | |
r-oldrel-macos-arm64 | 1.0 | 21.00 | OK | |||
r-oldrel-macos-x86_64 | 1.0 | 40.00 | OK | |||
r-oldrel-windows-x86_64 | 1.0 | 4.00 | 57.00 | 61.00 | OK |
Version: 1.0
Check: CRAN incoming feasibility
Result: NOTE
Maintainer: ‘Hung Vu <viet-hung.vu@jvn.edu.vn>’
No Authors@R field in DESCRIPTION.
Please add one, modifying
Authors@R: person(given = "Hung",
family = "Vu",
role = c("aut", "cre"),
email = "viet-hung.vu@jvn.edu.vn")
as necessary.
File 'R/jvnVaR-internal.R' sets .Random.seed.
This is usually neither needed nor wanted.
Flavors: r-devel-linux-x86_64-debian-clang, r-devel-linux-x86_64-debian-gcc