Last updated on 2025-02-11 07:48:25 CET.
Flavor | Version | Tinstall | Tcheck | Ttotal | Status | Flags |
---|---|---|---|---|---|---|
r-devel-linux-x86_64-debian-clang | 0.1.2 | 36.05 | 25.79 | 61.84 | NOTE | |
r-devel-linux-x86_64-debian-gcc | 0.1.2 | 24.91 | 20.92 | 45.83 | NOTE | |
r-devel-linux-x86_64-fedora-clang | 0.1.2 | 141.13 | NOTE | |||
r-devel-linux-x86_64-fedora-gcc | 0.1.2 | 119.87 | NOTE | |||
r-devel-windows-x86_64 | 0.1.2 | 41.00 | 69.00 | 110.00 | NOTE | |
r-patched-linux-x86_64 | 0.1.2 | 35.28 | 25.51 | 60.79 | OK | |
r-release-linux-x86_64 | 0.1.2 | 35.57 | 25.11 | 60.68 | OK | |
r-release-macos-arm64 | 0.1.2 | 39.00 | OK | |||
r-release-macos-x86_64 | 0.1.2 | 58.00 | OK | |||
r-release-windows-x86_64 | 0.1.2 | 40.00 | 70.00 | 110.00 | OK | |
r-oldrel-macos-arm64 | 0.1.2 | 40.00 | OK | |||
r-oldrel-macos-x86_64 | 0.1.2 | 47.00 | OK | |||
r-oldrel-windows-x86_64 | 0.1.2 | 43.00 | 78.00 | 121.00 | OK |
Version: 0.1.2
Check: DESCRIPTION meta-information
Result: NOTE
Missing dependency on R >= 4.1.0 because package code uses the pipe
|> or function shorthand \(...) syntax added in R 4.1.0.
File(s) using such syntax:
‘iso8601todataframe.R’
Flavors: r-devel-linux-x86_64-debian-clang, r-devel-linux-x86_64-debian-gcc, r-devel-linux-x86_64-fedora-clang, r-devel-linux-x86_64-fedora-gcc, r-devel-windows-x86_64