CRAN Package Check Results for Package isingLenzMC

Last updated on 2025-05-09 07:50:58 CEST.

Flavor Version Tinstall Tcheck Ttotal Status Flags
r-devel-linux-x86_64-debian-clang 0.2.5 2.24 22.19 24.43 OK
r-devel-linux-x86_64-debian-gcc 0.2.5 2.09 18.36 20.45 OK
r-devel-linux-x86_64-fedora-clang 0.2.5 38.68 NOTE
r-devel-linux-x86_64-fedora-gcc 0.2.5 51.78 NOTE
r-devel-windows-x86_64 0.2.5 6.00 52.00 58.00 OK
r-patched-linux-x86_64 0.2.5 2.20 21.07 23.27 OK
r-release-linux-x86_64 0.2.5 2.40 21.05 23.45 OK
r-release-macos-arm64 0.2.5 25.00 OK
r-release-macos-x86_64 0.2.5 45.00 OK
r-release-windows-x86_64 0.2.5 7.00 55.00 62.00 OK
r-oldrel-macos-arm64 0.2.5 23.00 OK
r-oldrel-macos-x86_64 0.2.5 35.00 OK
r-oldrel-windows-x86_64 0.2.5 6.00 52.00 58.00 OK

Check Details

Version: 0.2.5
Check: compiled code
Result: NOTE File ‘isingLenzMC/libs/isingLenzMC.so’: Found no calls to: ‘R_registerRoutines’, ‘R_useDynamicSymbols’ It is good practice to register native routines and to disable symbol search. See ‘Writing portable packages’ in the ‘Writing R Extensions’ manual. Flavors: r-devel-linux-x86_64-fedora-clang, r-devel-linux-x86_64-fedora-gcc