Last updated on 2025-02-11 07:48:25 CET.
Flavor | Version | Tinstall | Tcheck | Ttotal | Status | Flags |
---|---|---|---|---|---|---|
r-devel-linux-x86_64-debian-clang | 0.2.5 | 2.59 | 21.62 | 24.21 | OK | |
r-devel-linux-x86_64-debian-gcc | 0.2.5 | 2.00 | 17.94 | 19.94 | OK | |
r-devel-linux-x86_64-fedora-clang | 0.2.5 | 39.37 | NOTE | |||
r-devel-linux-x86_64-fedora-gcc | 0.2.5 | 50.50 | NOTE | |||
r-devel-windows-x86_64 | 0.2.5 | 4.00 | 53.00 | 57.00 | OK | |
r-patched-linux-x86_64 | 0.2.5 | 2.25 | 21.05 | 23.30 | OK | |
r-release-linux-x86_64 | 0.2.5 | 2.00 | 20.39 | 22.39 | OK | |
r-release-macos-arm64 | 0.2.5 | 23.00 | OK | |||
r-release-macos-x86_64 | 0.2.5 | 35.00 | OK | |||
r-release-windows-x86_64 | 0.2.5 | 6.00 | 52.00 | 58.00 | OK | |
r-oldrel-macos-arm64 | 0.2.5 | 26.00 | OK | |||
r-oldrel-macos-x86_64 | 0.2.5 | 34.00 | OK | |||
r-oldrel-windows-x86_64 | 0.2.5 | 9.00 | 51.00 | 60.00 | OK |
Version: 0.2.5
Check: compiled code
Result: NOTE
File ‘isingLenzMC/libs/isingLenzMC.so’:
Found no calls to: ‘R_registerRoutines’, ‘R_useDynamicSymbols’
It is good practice to register native routines and to disable symbol
search.
See ‘Writing portable packages’ in the ‘Writing R Extensions’ manual.
Flavors: r-devel-linux-x86_64-fedora-clang, r-devel-linux-x86_64-fedora-gcc