Last updated on 2025-10-31 07:51:48 CET.
| Flavor | Version | Tinstall | Tcheck | Ttotal | Status | Flags | 
|---|---|---|---|---|---|---|
| r-devel-linux-x86_64-debian-clang | 0.2.3 | 16.97 | 148.12 | 165.09 | OK | |
| r-devel-linux-x86_64-debian-gcc | 0.2.3 | 10.66 | 102.76 | 113.42 | OK | |
| r-devel-linux-x86_64-fedora-clang | 0.2.3 | 71.00 | 187.23 | 258.23 | OK | |
| r-devel-linux-x86_64-fedora-gcc | 0.2.3 | 36.00 | 207.84 | 243.84 | OK | |
| r-devel-windows-x86_64 | 0.2.3 | 18.00 | 122.00 | 140.00 | OK | |
| r-patched-linux-x86_64 | 0.2.3 | 14.40 | 137.71 | 152.11 | OK | |
| r-release-linux-x86_64 | 0.2.3 | 13.71 | 139.26 | 152.97 | OK | |
| r-release-macos-arm64 | 0.2.3 | 9.00 | 78.00 | 87.00 | OK | |
| r-release-macos-x86_64 | 0.2.3 | 12.00 | 107.00 | 119.00 | OK | |
| r-release-windows-x86_64 | 0.2.3 | 17.00 | 124.00 | 141.00 | OK | |
| r-oldrel-macos-arm64 | 0.2.3 | 6.00 | 56.00 | 62.00 | NOTE | |
| r-oldrel-macos-x86_64 | 0.2.3 | 9.00 | 79.00 | 88.00 | NOTE | |
| r-oldrel-windows-x86_64 | 0.2.3 | 22.00 | 159.00 | 181.00 | NOTE | 
Version: 0.2.3
Check: LazyData
Result: NOTE
    'LazyData' is specified without a 'data' directory
Flavors: r-oldrel-macos-arm64, r-oldrel-macos-x86_64, r-oldrel-windows-x86_64