CRAN Package Check Results for Package interim

Last updated on 2025-02-07 07:49:09 CET.

Flavor Version Tinstall Tcheck Ttotal Status Flags
r-devel-linux-x86_64-debian-clang 0.8.0 2.24 18.81 21.05 OK
r-devel-linux-x86_64-debian-gcc 0.8.0 1.49 14.83 16.32 OK
r-devel-linux-x86_64-fedora-clang 0.8.0 33.82 OK
r-devel-linux-x86_64-fedora-gcc 0.8.0 31.15 OK
r-devel-windows-x86_64 0.8.0 4.00 39.00 43.00 OK
r-patched-linux-x86_64 0.8.0 2.12 17.90 20.02 NOTE
r-release-linux-x86_64 0.8.0 1.75 18.12 19.87 NOTE
r-release-macos-arm64 0.8.0 14.00 NOTE
r-release-macos-x86_64 0.8.0 21.00 NOTE
r-release-windows-x86_64 0.8.0 3.00 38.00 41.00 NOTE
r-oldrel-macos-arm64 0.8.0 16.00 NOTE
r-oldrel-macos-x86_64 0.8.0 19.00 NOTE
r-oldrel-windows-x86_64 0.8.0 3.00 41.00 44.00 NOTE

Check Details

Version: 0.8.0
Check: LazyData
Result: NOTE 'LazyData' is specified without a 'data' directory Flavors: r-patched-linux-x86_64, r-release-linux-x86_64, r-release-macos-arm64, r-release-macos-x86_64, r-release-windows-x86_64, r-oldrel-macos-arm64, r-oldrel-macos-x86_64, r-oldrel-windows-x86_64