Last updated on 2025-02-19 07:53:46 CET.
Flavor | Version | Tinstall | Tcheck | Ttotal | Status | Flags |
---|---|---|---|---|---|---|
r-devel-linux-x86_64-debian-clang | 1.2.7 | 51.24 | 243.44 | 294.68 | OK | |
r-devel-linux-x86_64-debian-gcc | 1.2.7 | 35.32 | 153.62 | 188.94 | OK | |
r-devel-linux-x86_64-fedora-clang | 1.2.7 | 490.51 | OK | |||
r-devel-linux-x86_64-fedora-gcc | 1.2.7 | 467.78 | OK | |||
r-devel-macos-arm64 | 1.2.7 | 150.00 | OK | |||
r-devel-macos-x86_64 | 1.2.7 | 289.00 | OK | |||
r-devel-windows-x86_64 | 1.2.7 | 50.00 | 237.00 | 287.00 | OK | |
r-patched-linux-x86_64 | 1.2.7 | 53.45 | 233.42 | 286.87 | OK | |
r-release-linux-x86_64 | 1.2.7 | 52.24 | 235.33 | 287.57 | OK | |
r-release-macos-arm64 | 1.2.7 | 141.00 | NOTE | |||
r-release-macos-x86_64 | 1.2.7 | 248.00 | NOTE | |||
r-release-windows-x86_64 | 1.2.7 | 50.00 | 227.00 | 277.00 | NOTE | |
r-oldrel-macos-arm64 | 1.2.7 | 137.00 | NOTE | |||
r-oldrel-macos-x86_64 | 1.2.7 | 280.00 | NOTE | |||
r-oldrel-windows-x86_64 | 1.2.7 | 65.00 | 290.00 | 355.00 | NOTE |
Version: 1.2.7
Check: installed package size
Result: NOTE
installed size is 6.3Mb
sub-directories of 1Mb or more:
data 5.8Mb
Flavors: r-release-macos-arm64, r-release-macos-x86_64, r-release-windows-x86_64, r-oldrel-macos-arm64, r-oldrel-macos-x86_64, r-oldrel-windows-x86_64