Last updated on 2025-02-06 07:50:37 CET.
Flavor | Version | Tinstall | Tcheck | Ttotal | Status | Flags |
---|---|---|---|---|---|---|
r-devel-linux-x86_64-debian-clang | 1.1.0 | 6.01 | 59.59 | 65.60 | NOTE | |
r-devel-linux-x86_64-debian-gcc | 1.1.0 | 4.20 | 43.47 | 47.67 | NOTE | |
r-devel-linux-x86_64-fedora-clang | 1.1.0 | 282.20 | NOTE | |||
r-devel-linux-x86_64-fedora-gcc | 1.1.0 | 266.23 | NOTE | |||
r-devel-windows-x86_64 | 1.1.0 | 8.00 | 100.00 | 108.00 | NOTE | |
r-patched-linux-x86_64 | 1.1.0 | 5.53 | 55.09 | 60.62 | NOTE | |
r-release-linux-x86_64 | 1.1.0 | 5.96 | 56.03 | 61.99 | NOTE | |
r-release-macos-arm64 | 1.1.0 | 49.00 | NOTE | |||
r-release-macos-x86_64 | 1.1.0 | 72.00 | NOTE | |||
r-release-windows-x86_64 | 1.1.0 | 8.00 | 100.00 | 108.00 | OK | |
r-oldrel-macos-arm64 | 1.1.0 | 60.00 | ERROR | |||
r-oldrel-macos-x86_64 | 1.1.0 | 71.00 | NOTE | |||
r-oldrel-windows-x86_64 | 1.1.0 | 8.00 | 87.00 | 95.00 | ERROR |
Version: 1.1.0
Check: DESCRIPTION meta-information
Result: NOTE
Missing dependency on R >= 4.1.0 because package code uses the pipe
|> or function shorthand \(...) syntax added in R 4.1.0.
File(s) using such syntax:
‘plot_functions.R’
Flavors: r-devel-linux-x86_64-debian-clang, r-devel-linux-x86_64-debian-gcc, r-devel-linux-x86_64-fedora-clang, r-devel-linux-x86_64-fedora-gcc, r-devel-windows-x86_64
Version: 1.1.0
Check: package dependencies
Result: NOTE
Package suggested but not available for checking: ‘INLA’
Flavors: r-patched-linux-x86_64, r-release-linux-x86_64, r-release-macos-arm64, r-release-macos-x86_64, r-oldrel-macos-arm64, r-oldrel-macos-x86_64, r-oldrel-windows-x86_64
Version: 1.1.0
Check: re-building of vignette outputs
Result: ERROR
Error(s) in re-building vignettes:
--- re-building ‘building_models_without_inlamemi.Rmd’ using rmarkdown
--- finished re-building ‘building_models_without_inlamemi.Rmd’
--- re-building ‘framingham_heart_study.Rmd’ using rmarkdown
File figure/unnamed-chunk-6-1.png not found in resource path
Error: processing vignette 'framingham_heart_study.Rmd' failed with diagnostics:
pandoc document conversion failed with error 99
--- failed re-building ‘framingham_heart_study.Rmd’
--- re-building ‘modifying_default_plot.Rmd’ using rmarkdown
File figure/unnamed-chunk-3-1.png not found in resource path
Error: processing vignette 'modifying_default_plot.Rmd' failed with diagnostics:
pandoc document conversion failed with error 99
--- failed re-building ‘modifying_default_plot.Rmd’
--- re-building ‘multiple_error_variables.Rmd’ using rmarkdown
File figure/unnamed-chunk-8-1.png not found in resource path
Error: processing vignette 'multiple_error_variables.Rmd' failed with diagnostics:
pandoc document conversion failed with error 99
--- failed re-building ‘multiple_error_variables.Rmd’
--- re-building ‘nhanes_survival_model.Rmd’ using rmarkdown
File figure/unnamed-chunk-5-1.png not found in resource path
Error: processing vignette 'nhanes_survival_model.Rmd' failed with diagnostics:
pandoc document conversion failed with error 99
--- failed re-building ‘nhanes_survival_model.Rmd’
--- re-building ‘simulated_examples.Rmd’ using rmarkdown
File figure/unnamed-chunk-4-1.png not found in resource path
Error: processing vignette 'simulated_examples.Rmd' failed with diagnostics:
pandoc document conversion failed with error 99
--- failed re-building ‘simulated_examples.Rmd’
--- re-building ‘visualize_model_structure.Rmd’ using rmarkdown
--- finished re-building ‘visualize_model_structure.Rmd’
SUMMARY: processing the following files failed:
‘framingham_heart_study.Rmd’ ‘modifying_default_plot.Rmd’
‘multiple_error_variables.Rmd’ ‘nhanes_survival_model.Rmd’
‘simulated_examples.Rmd’
Error: Vignette re-building failed.
Execution halted
Flavors: r-oldrel-macos-arm64, r-oldrel-windows-x86_64