Last updated on 2024-07-26 07:51:53 CEST.
Flavor | Version | Tinstall | Tcheck | Ttotal | Status | Flags |
---|---|---|---|---|---|---|
r-devel-linux-x86_64-debian-clang | 2.1.0 | 4.05 | 49.46 | 53.51 | OK | |
r-devel-linux-x86_64-debian-gcc | 2.1.0 | 2.74 | 35.94 | 38.68 | NOTE | |
r-devel-linux-x86_64-fedora-clang | 2.1.0 | 69.72 | OK | |||
r-devel-linux-x86_64-fedora-gcc | 2.1.0 | 74.50 | OK | |||
r-devel-windows-x86_64 | 2.1.0 | 5.00 | 64.00 | 69.00 | NOTE | |
r-patched-linux-x86_64 | 2.1.0 | OK | ||||
r-release-linux-x86_64 | 2.1.0 | 3.55 | 45.17 | 48.72 | OK | |
r-release-macos-arm64 | 2.1.0 | 29.00 | OK | |||
r-release-macos-x86_64 | 2.1.0 | 44.00 | OK | |||
r-release-windows-x86_64 | 2.1.0 | 4.00 | 65.00 | 69.00 | OK | |
r-oldrel-macos-arm64 | 2.1.0 | 30.00 | OK | |||
r-oldrel-macos-x86_64 | 2.1.0 | 54.00 | OK | |||
r-oldrel-windows-x86_64 | 2.1.0 | 6.00 | 67.00 | 73.00 | OK |
Version: 2.1.0
Check: Rd cross-references
Result: NOTE
Found the following Rd file(s) with Rd \link{} targets missing package
anchors:
incRplot.Rd: ggplot2
incRt.Rd: getSunlightTimes
Please provide package anchors for all Rd \link{} targets not in the
package itself and the base packages.
Flavors: r-devel-linux-x86_64-debian-gcc, r-devel-windows-x86_64