Last updated on 2024-05-12 08:01:56 CEST.
Flavor | Version | Tinstall | Tcheck | Ttotal | Status | Flags |
---|---|---|---|---|---|---|
r-devel-linux-x86_64-debian-clang | 1.2.0 | 7.02 | 54.18 | 61.20 | NOTE | |
r-devel-linux-x86_64-debian-gcc | 1.2.0 | 3.86 | 39.35 | 43.21 | NOTE | |
r-devel-linux-x86_64-fedora-clang | 1.2.0 | 73.70 | NOTE | |||
r-devel-linux-x86_64-fedora-gcc | 1.2.0 | 112.51 | NOTE | |||
r-devel-windows-x86_64 | 1.2.0 | 6.00 | 75.00 | 81.00 | NOTE | |
r-patched-linux-x86_64 | 1.2.0 | 6.68 | 50.87 | 57.55 | NOTE | |
r-release-linux-x86_64 | 1.2.0 | 3.63 | 49.84 | 53.47 | NOTE | |
r-release-macos-arm64 | 1.2.0 | 25.00 | NOTE | |||
r-release-windows-x86_64 | 1.2.0 | 5.00 | 76.00 | 81.00 | NOTE | |
r-oldrel-macos-arm64 | 1.2.0 | 28.00 | OK | |||
r-oldrel-macos-x86_64 | 1.2.0 | 37.00 | OK | |||
r-oldrel-windows-x86_64 | 1.2.0 | 5.00 | 79.00 | 84.00 | OK |
Version: 1.2.0
Check: Rd files
Result: NOTE
checkRd: (-1) kmpp.Rd:27: Lost braces
27 | \item{call}{a string containing the matched function call that generates this sQuote{inaparc} object.}
| ^
Flavors: r-devel-linux-x86_64-debian-clang, r-devel-linux-x86_64-debian-gcc, r-devel-linux-x86_64-fedora-clang, r-devel-linux-x86_64-fedora-gcc, r-devel-windows-x86_64, r-patched-linux-x86_64, r-release-linux-x86_64, r-release-macos-arm64, r-release-windows-x86_64