Last updated on 2024-07-26 07:51:53 CEST.
Flavor | Version | Tinstall | Tcheck | Ttotal | Status | Flags |
---|---|---|---|---|---|---|
r-devel-linux-x86_64-debian-clang | 0.2.5 | 2.44 | 48.41 | 50.85 | OK | |
r-devel-linux-x86_64-debian-gcc | 0.2.5 | 2.05 | 36.26 | 38.31 | OK | |
r-devel-linux-x86_64-fedora-clang | 0.2.5 | 64.49 | NOTE | |||
r-devel-linux-x86_64-fedora-gcc | 0.2.5 | 74.26 | OK | |||
r-devel-windows-x86_64 | 0.2.5 | 5.00 | 376.00 | 381.00 | OK | |
r-patched-linux-x86_64 | 0.2.5 | OK | ||||
r-release-linux-x86_64 | 0.2.5 | 2.90 | 44.57 | 47.47 | OK | |
r-release-macos-arm64 | 0.2.5 | 30.00 | OK | |||
r-release-macos-x86_64 | 0.2.5 | 46.00 | OK | |||
r-release-windows-x86_64 | 0.2.5 | 4.00 | 242.00 | 246.00 | OK | |
r-oldrel-macos-arm64 | 0.2.5 | 34.00 | OK | |||
r-oldrel-macos-x86_64 | 0.2.5 | 69.00 | OK | |||
r-oldrel-windows-x86_64 | 0.2.5 | 5.00 | 683.00 | 688.00 | OK |
Version: 0.2.5
Check: Rd cross-references
Result: NOTE
Undeclared packages ‘bmp’, ‘jpeg’, ‘png’, ‘tiff’ in Rd xrefs
Flavor: r-devel-linux-x86_64-fedora-clang