Last updated on 2024-05-11 07:51:33 CEST.
Flavor | Version | Tinstall | Tcheck | Ttotal | Status | Flags |
---|---|---|---|---|---|---|
r-devel-linux-x86_64-debian-clang | 0.1 | 60.35 | 36.85 | 97.20 | NOTE | |
r-devel-linux-x86_64-debian-gcc | 0.1 | 37.57 | 32.79 | 70.36 | NOTE | |
r-devel-linux-x86_64-fedora-clang | 0.1 | 141.93 | NOTE | |||
r-devel-linux-x86_64-fedora-gcc | 0.1 | 174.69 | NOTE | |||
r-devel-windows-x86_64 | 0.1 | 39.00 | 78.00 | 117.00 | NOTE | |
r-patched-linux-x86_64 | 0.1 | 49.37 | 41.22 | 90.59 | NOTE | |
r-release-linux-x86_64 | 0.1 | 47.69 | 40.92 | 88.61 | NOTE | |
r-release-macos-arm64 | 0.1 | 29.00 | NOTE | |||
r-release-windows-x86_64 | 0.1 | 41.00 | 74.00 | 115.00 | NOTE | |
r-oldrel-macos-arm64 | 0.1 | 36.00 | NOTE | |||
r-oldrel-macos-x86_64 | 0.1 | 56.00 | NOTE | |||
r-oldrel-windows-x86_64 | 0.1 | 41.00 | 83.00 | 124.00 | NOTE |
Version: 0.1
Check: C++ specification
Result: NOTE
Specified C++11: please drop specification unless essential
Flavors: r-devel-linux-x86_64-debian-clang, r-devel-linux-x86_64-debian-gcc, r-devel-linux-x86_64-fedora-clang, r-devel-linux-x86_64-fedora-gcc, r-devel-windows-x86_64, r-patched-linux-x86_64, r-release-linux-x86_64, r-release-macos-arm64, r-release-windows-x86_64, r-oldrel-macos-arm64, r-oldrel-macos-x86_64, r-oldrel-windows-x86_64