Last updated on 2024-05-13 07:50:04 CEST.
Flavor | Version | Tinstall | Tcheck | Ttotal | Status | Flags |
---|---|---|---|---|---|---|
r-devel-linux-x86_64-debian-clang | 2.0.3 | 314.21 | 485.37 | 799.58 | NOTE | |
r-devel-linux-x86_64-debian-gcc | 2.0.3 | 260.28 | 359.10 | 619.38 | NOTE | |
r-devel-linux-x86_64-fedora-clang | 2.0.3 | 1083.44 | NOTE | |||
r-devel-linux-x86_64-fedora-gcc | 2.0.3 | 1082.40 | NOTE | |||
r-devel-windows-x86_64 | 2.0.3 | 382.00 | 486.00 | 868.00 | NOTE | |
r-patched-linux-x86_64 | 2.0.3 | 338.12 | 477.83 | 815.95 | OK | |
r-release-linux-x86_64 | 2.0.3 | 315.07 | 457.86 | 772.93 | OK | |
r-release-macos-arm64 | 2.0.3 | 229.00 | NOTE | |||
r-release-macos-x86_64 | 2.0.3 | 518.00 | NOTE | |||
r-release-windows-x86_64 | 2.0.3 | 396.00 | 466.00 | 862.00 | NOTE | |
r-oldrel-macos-arm64 | 2.0.3 | 230.00 | NOTE | |||
r-oldrel-macos-x86_64 | 2.0.3 | 410.00 | NOTE | |||
r-oldrel-windows-x86_64 | 2.0.3 | 4.00 | 6.00 | 10.00 | ERROR |
Version: 2.0.3
Check: compiled code
Result: NOTE
File ‘igraph/libs/igraph.so’:
Found non-API calls to R: ‘R_PromiseExpr’, ‘SETLENGTH’,
‘SET_TRUELENGTH’
Compiled code should not call non-API entry points in R.
See ‘Writing portable packages’ in the ‘Writing R Extensions’ manual.
Flavors: r-devel-linux-x86_64-debian-clang, r-devel-linux-x86_64-debian-gcc, r-devel-linux-x86_64-fedora-clang, r-devel-linux-x86_64-fedora-gcc
Version: 2.0.3
Check: installed package size
Result: NOTE
installed size is 8.8Mb
sub-directories of 1Mb or more:
R 1.4Mb
doc 1.2Mb
help 2.0Mb
libs 3.6Mb
Flavors: r-devel-linux-x86_64-fedora-clang, r-devel-windows-x86_64, r-release-macos-arm64, r-release-macos-x86_64, r-release-windows-x86_64, r-oldrel-macos-arm64, r-oldrel-macos-x86_64
Version: 2.0.3
Check: compiled code
Result: NOTE
File 'igraph/libs/x64/igraph.dll':
Found non-API calls to R: 'R_PromiseExpr', 'SETLENGTH',
'SET_TRUELENGTH'
Compiled code should not call non-API entry points in R.
See 'Writing portable packages' in the 'Writing R Extensions' manual.
Flavor: r-devel-windows-x86_64
Version: 2.0.3
Check: whether package can be installed
Result: ERROR
Installation failed.
Flavor: r-oldrel-windows-x86_64