Last updated on 2025-11-04 07:49:57 CET.
| Flavor | Version | Tinstall | Tcheck | Ttotal | Status | Flags | 
|---|---|---|---|---|---|---|
| r-devel-linux-x86_64-debian-clang | 1.5.12 | 22.25 | 150.40 | 172.65 | NOTE | |
| r-devel-linux-x86_64-debian-gcc | 1.5.12 | 14.27 | 106.67 | 120.94 | NOTE | |
| r-devel-linux-x86_64-fedora-clang | 1.5.12 | 51.00 | 227.08 | 278.08 | OK | |
| r-devel-linux-x86_64-fedora-gcc | 1.5.12 | 53.00 | 193.54 | 246.54 | OK | |
| r-devel-windows-x86_64 | 1.5.12 | 22.00 | 181.00 | 203.00 | OK | |
| r-patched-linux-x86_64 | 1.5.12 | 22.28 | 146.44 | 168.72 | OK | |
| r-release-linux-x86_64 | 1.5.12 | 18.85 | 144.83 | 163.68 | OK | |
| r-release-macos-arm64 | 1.5.12 | 9.00 | 77.00 | 86.00 | OK | |
| r-release-macos-x86_64 | 1.5.12 | 18.00 | 138.00 | 156.00 | OK | |
| r-release-windows-x86_64 | 1.5.12 | 27.00 | 173.00 | 200.00 | OK | |
| r-oldrel-macos-arm64 | 1.5.12 | 9.00 | 73.00 | 82.00 | OK | |
| r-oldrel-macos-x86_64 | 1.5.12 | 15.00 | 116.00 | 131.00 | OK | |
| r-oldrel-windows-x86_64 | 1.5.12 | 33.00 | 239.00 | 272.00 | OK | 
Version: 1.5.12
Check: CRAN incoming feasibility
Result: NOTE
  Maintainer: ‘Daliang Ning <ningdaliang@ou.edu>’
  
  No Authors@R field in DESCRIPTION.
  Please add one, modifying
    Authors@R: person(given = "Daliang",
                      family = "Ning",
                      role = c("aut", "cre"),
                      email = "ningdaliang@ou.edu")
  as necessary.
Flavors: r-devel-linux-x86_64-debian-clang, r-devel-linux-x86_64-debian-gcc