Last updated on 2025-10-26 07:49:14 CET.
| Flavor | Version | Tinstall | Tcheck | Ttotal | Status | Flags |
|---|---|---|---|---|---|---|
| r-devel-linux-x86_64-debian-clang | 3.1.6 | 60.29 | 354.04 | 414.33 | OK | |
| r-devel-linux-x86_64-debian-gcc | 3.1.6 | 38.48 | 226.56 | 265.04 | OK | |
| r-devel-linux-x86_64-fedora-clang | 3.1.6 | 201.00 | 492.21 | 693.21 | OK | |
| r-devel-linux-x86_64-fedora-gcc | 3.1.6 | 135.00 | 494.69 | 629.69 | OK | |
| r-devel-windows-x86_64 | 3.1.6 | 65.00 | 317.00 | 382.00 | OK | |
| r-patched-linux-x86_64 | 3.1.6 | 63.20 | 334.39 | 397.59 | OK | |
| r-release-linux-x86_64 | 3.1.6 | 62.11 | 329.72 | 391.83 | OK | |
| r-release-macos-arm64 | 3.1.6 | 27.00 | 94.00 | 121.00 | OK | |
| r-release-macos-x86_64 | 3.1.6 | 46.00 | 320.00 | 366.00 | OK | |
| r-release-windows-x86_64 | 3.1.6 | 63.00 | 317.00 | 380.00 | OK | |
| r-oldrel-macos-arm64 | 3.1.6 | 29.00 | 115.00 | 144.00 | NOTE | |
| r-oldrel-macos-x86_64 | 3.1.6 | 44.00 | 270.00 | 314.00 | NOTE | |
| r-oldrel-windows-x86_64 | 3.1.6 | 87.00 | 429.00 | 516.00 | OK |
Version: 3.1.6
Check: installed package size
Result: NOTE
installed size is 5.8Mb
sub-directories of 1Mb or more:
doc 2.8Mb
libs 1.8Mb
Flavors: r-oldrel-macos-arm64, r-oldrel-macos-x86_64