Last updated on 2025-02-19 07:53:45 CET.
Flavor | Version | Tinstall | Tcheck | Ttotal | Status | Flags |
---|---|---|---|---|---|---|
r-devel-linux-x86_64-debian-clang | 0.5.2 | 14.38 | 159.72 | 174.10 | NOTE | |
r-devel-linux-x86_64-debian-gcc | 0.5.2 | 7.97 | 104.43 | 112.40 | NOTE | |
r-devel-linux-x86_64-fedora-clang | 0.5.2 | 268.49 | NOTE | |||
r-devel-linux-x86_64-fedora-gcc | 0.5.2 | 274.98 | NOTE | |||
r-devel-macos-arm64 | 0.5.2 | 301.00 | NOTE | |||
r-devel-macos-x86_64 | 0.5.2 | 377.00 | NOTE | |||
r-devel-windows-x86_64 | 0.5.2 | 27.00 | 333.00 | 360.00 | NOTE | |
r-patched-linux-x86_64 | 0.5.2 | 15.64 | 155.95 | 171.59 | OK | |
r-release-linux-x86_64 | 0.5.2 | 12.20 | 161.28 | 173.48 | OK | |
r-release-macos-arm64 | 0.5.2 | 232.00 | OK | |||
r-release-macos-x86_64 | 0.5.2 | 428.00 | OK | |||
r-release-windows-x86_64 | 0.5.2 | 45.00 | 197.00 | 242.00 | OK | |
r-oldrel-macos-arm64 | 0.5.2 | 240.00 | OK | |||
r-oldrel-macos-x86_64 | 0.5.2 | 317.00 | OK | |||
r-oldrel-windows-x86_64 | 0.5.2 | 35.00 | 295.00 | 330.00 | OK |
Version: 0.5.2
Check: DESCRIPTION meta-information
Result: NOTE
Missing dependency on R >= 4.1.0 because package code uses the pipe
|> or function shorthand \(...) syntax added in R 4.1.0.
File(s) using such syntax:
‘updateGaugingData.R’
Flavors: r-devel-linux-x86_64-debian-clang, r-devel-linux-x86_64-debian-gcc, r-devel-linux-x86_64-fedora-clang, r-devel-linux-x86_64-fedora-gcc, r-devel-macos-arm64, r-devel-macos-x86_64, r-devel-windows-x86_64