Last updated on 2024-05-11 07:51:33 CEST.
Flavor | Version | Tinstall | Tcheck | Ttotal | Status | Flags |
---|---|---|---|---|---|---|
r-devel-linux-x86_64-debian-clang | 1.1 | 6.25 | 67.13 | 73.38 | NOTE | |
r-devel-linux-x86_64-debian-gcc | 1.1 | 6.18 | 49.93 | 56.11 | NOTE | |
r-devel-linux-x86_64-fedora-clang | 1.1 | 93.98 | NOTE | |||
r-devel-linux-x86_64-fedora-gcc | 1.1 | 122.76 | NOTE | |||
r-devel-windows-x86_64 | 1.1 | 7.00 | 66.00 | 73.00 | NOTE | |
r-patched-linux-x86_64 | 1.1 | 5.30 | 62.58 | 67.88 | NOTE | |
r-release-linux-x86_64 | 1.1 | 6.34 | 65.06 | 71.40 | NOTE | |
r-release-macos-arm64 | 1.1 | 35.00 | NOTE | |||
r-release-windows-x86_64 | 1.1 | 7.00 | 66.00 | 73.00 | NOTE | |
r-oldrel-macos-arm64 | 1.1 | 43.00 | OK | |||
r-oldrel-macos-x86_64 | 1.1 | 112.00 | OK | |||
r-oldrel-windows-x86_64 | 1.1 | 8.00 | 72.00 | 80.00 | OK |
Version: 1.1
Check: Rd files
Result: NOTE
checkRd: (-1) ws_download.Rd:31: Lost braces; missing escapes or markup?
31 | (while using the {hwsdr} package for HWSD v2.0).
| ^
Flavors: r-devel-linux-x86_64-debian-clang, r-devel-linux-x86_64-debian-gcc, r-devel-linux-x86_64-fedora-clang, r-devel-linux-x86_64-fedora-gcc, r-devel-windows-x86_64, r-patched-linux-x86_64, r-release-linux-x86_64, r-release-macos-arm64, r-release-windows-x86_64
Version: 1.1
Check: data for non-ASCII characters
Result: NOTE
Note: found 1 marked UTF-8 string
Flavors: r-devel-linux-x86_64-fedora-clang, r-devel-linux-x86_64-fedora-gcc