CRAN Package Check Results for Package hurdlr

Last updated on 2025-02-11 07:48:25 CET.

Flavor Version Tinstall Tcheck Ttotal Status Flags
r-devel-linux-x86_64-debian-clang 0.1 2.83 23.39 26.22 OK
r-devel-linux-x86_64-debian-gcc 0.1 1.97 18.08 20.05 OK
r-devel-linux-x86_64-fedora-clang 0.1 44.04 OK
r-devel-linux-x86_64-fedora-gcc 0.1 40.84 OK
r-devel-windows-x86_64 0.1 4.00 51.00 55.00 OK
r-patched-linux-x86_64 0.1 3.17 22.64 25.81 NOTE
r-release-linux-x86_64 0.1 2.47 23.04 25.51 NOTE
r-release-macos-arm64 0.1 15.00 NOTE
r-release-macos-x86_64 0.1 26.00 NOTE
r-release-windows-x86_64 0.1 4.00 42.00 46.00 NOTE
r-oldrel-macos-arm64 0.1 17.00 NOTE
r-oldrel-macos-x86_64 0.1 24.00 NOTE
r-oldrel-windows-x86_64 0.1 6.00 43.00 49.00 NOTE

Check Details

Version: 0.1
Check: LazyData
Result: NOTE 'LazyData' is specified without a 'data' directory Flavors: r-patched-linux-x86_64, r-release-linux-x86_64, r-release-macos-arm64, r-release-macos-x86_64, r-release-windows-x86_64, r-oldrel-macos-arm64, r-oldrel-macos-x86_64, r-oldrel-windows-x86_64