Last updated on 2025-10-13 07:49:53 CEST.
Flavor | Version | Tinstall | Tcheck | Ttotal | Status | Flags |
---|---|---|---|---|---|---|
r-devel-linux-x86_64-debian-clang | 0.0.11 | 1.63 | 18.64 | 20.27 | NOTE | |
r-devel-linux-x86_64-debian-gcc | 0.0.11 | 1.28 | 15.20 | 16.48 | ERROR | |
r-devel-linux-x86_64-fedora-clang | 0.0.11 | 30.00 | NOTE | |||
r-devel-linux-x86_64-fedora-gcc | 0.0.11 | 27.33 | NOTE | |||
r-devel-windows-x86_64 | 0.0.11 | 3.00 | 35.00 | 38.00 | NOTE | |
r-patched-linux-x86_64 | 0.0.11 | 1.74 | 17.54 | 19.28 | NOTE | |
r-release-linux-x86_64 | 0.0.11 | 1.38 | 17.56 | 18.94 | NOTE | |
r-release-macos-arm64 | 0.0.11 | 15.00 | NOTE | |||
r-release-macos-x86_64 | 0.0.11 | 24.00 | NOTE | |||
r-release-windows-x86_64 | 0.0.11 | 3.00 | 39.00 | 42.00 | NOTE | |
r-oldrel-macos-arm64 | 0.0.11 | 18.00 | NOTE | |||
r-oldrel-macos-x86_64 | 0.0.11 | 27.00 | NOTE | |||
r-oldrel-windows-x86_64 | 0.0.11 | 3.00 | 36.00 | 39.00 | NOTE |
Version: 0.0.11
Check: CRAN incoming feasibility
Result: NOTE
Maintainer: ‘Andreas Westfeld <andreas.westfeld@htw-dresden.de>’
No Authors@R field in DESCRIPTION.
Please add one, modifying
Authors@R: c(person(given = c("Eryk", "Witold"),
family = "Wolski",
role = "aut"),
person(given = "Andreas",
family = "Westfeld",
role = c("aut", "cre"),
email = "andreas.westfeld@htw-dresden.de"))
as necessary.
Flavors: r-devel-linux-x86_64-debian-clang, r-devel-linux-x86_64-debian-gcc
Version: 0.0.11
Check: Rd files
Result: NOTE
checkRd: (-1) simplePostToHost.Rd:14: Escaped LaTeX specials: \&
Flavors: r-devel-linux-x86_64-debian-clang, r-devel-linux-x86_64-debian-gcc, r-devel-linux-x86_64-fedora-clang, r-devel-linux-x86_64-fedora-gcc, r-devel-windows-x86_64, r-patched-linux-x86_64, r-release-linux-x86_64, r-release-macos-arm64, r-release-macos-x86_64, r-release-windows-x86_64, r-oldrel-macos-arm64, r-oldrel-macos-x86_64, r-oldrel-windows-x86_64
Version: 0.0.11
Check: examples
Result: ERROR
Running examples in ‘httpRequest-Ex.R’ failed
The error most likely occurred in:
> base::assign(".ptime", proc.time(), pos = "CheckExEnv")
> ### Name: simplePostToHost
> ### Title: Sends Simple Post Request to HTTP Server (host)
> ### Aliases: simplePostToHost
>
> ### ** Examples
>
> host <- "api.scb.se"
> path <- "/OV0104/v1/doris/en/ssd"
> data <- '{"format":"json"}'
> simplePostToHost(host, path, data, contenttype="text/json")
Error in make.socket(host = host, port = port, server = FALSE) :
socket not established
Calls: simplePostToHost -> make.socket
Execution halted
Flavor: r-devel-linux-x86_64-debian-gcc