Last updated on 2024-07-26 07:51:52 CEST.
Flavor | Version | Tinstall | Tcheck | Ttotal | Status | Flags |
---|---|---|---|---|---|---|
r-devel-linux-x86_64-debian-clang | 1.0.2 | 214.82 | 305.00 | 519.82 | OK | |
r-devel-linux-x86_64-debian-gcc | 1.0.2 | 201.63 | 225.07 | 426.70 | OK | |
r-devel-linux-x86_64-fedora-clang | 1.0.2 | 655.84 | OK | |||
r-devel-linux-x86_64-fedora-gcc | 1.0.2 | 812.78 | OK | |||
r-devel-windows-x86_64 | 1.0.2 | 170.00 | 222.00 | 392.00 | NOTE | |
r-patched-linux-x86_64 | 1.0.2 | OK | ||||
r-release-linux-x86_64 | 1.0.2 | 182.61 | 293.23 | 475.84 | OK | |
r-release-macos-arm64 | 1.0.2 | 160.00 | NOTE | |||
r-release-macos-x86_64 | 1.0.2 | 254.00 | NOTE | |||
r-release-windows-x86_64 | 1.0.2 | 176.00 | 228.00 | 404.00 | NOTE | |
r-oldrel-macos-arm64 | 1.0.2 | 161.00 | NOTE | |||
r-oldrel-macos-x86_64 | 1.0.2 | 408.00 | NOTE | |||
r-oldrel-windows-x86_64 | 1.0.2 | 239.00 | 299.00 | 538.00 | NOTE |
Version: 1.0.2
Check: installed package size
Result: NOTE
installed size is 14.9Mb
sub-directories of 1Mb or more:
libs 13.7Mb
Flavors: r-devel-windows-x86_64, r-release-macos-arm64, r-release-macos-x86_64, r-release-windows-x86_64, r-oldrel-macos-arm64, r-oldrel-macos-x86_64, r-oldrel-windows-x86_64