Last updated on 2024-05-13 07:50:03 CEST.
Flavor | Version | Tinstall | Tcheck | Ttotal | Status | Flags |
---|---|---|---|---|---|---|
r-devel-linux-x86_64-debian-clang | 2.1.1 | 184.34 | 513.61 | 697.95 | OK | |
r-devel-linux-x86_64-debian-gcc | 2.1.1 | 127.61 | 422.30 | 549.91 | OK | |
r-devel-linux-x86_64-fedora-clang | 2.1.1 | 971.53 | OK | |||
r-devel-linux-x86_64-fedora-gcc | 2.1.1 | 1061.04 | OK | |||
r-devel-windows-x86_64 | 2.1.1 | 128.00 | 332.00 | 460.00 | OK | |
r-patched-linux-x86_64 | 2.1.1 | 134.16 | 498.33 | 632.49 | OK | |
r-release-linux-x86_64 | 2.1.1 | 130.73 | 523.74 | 654.47 | OK | |
r-release-macos-arm64 | 2.1.1 | 251.00 | NOTE | |||
r-release-windows-x86_64 | 2.1.1 | 125.00 | 328.00 | 453.00 | OK | |
r-oldrel-macos-arm64 | 2.1.1 | 277.00 | NOTE | |||
r-oldrel-macos-x86_64 | 2.1.1 | 481.00 | NOTE | |||
r-oldrel-windows-x86_64 | 2.1.1 | 162.00 | 578.00 | 740.00 | OK |
Version: 2.1.1
Check: installed package size
Result: NOTE
installed size is 11.5Mb
sub-directories of 1Mb or more:
libs 10.6Mb
Flavors: r-release-macos-arm64, r-oldrel-macos-arm64, r-oldrel-macos-x86_64