Last updated on 2025-02-10 07:50:00 CET.
Flavor | Version | Tinstall | Tcheck | Ttotal | Status | Flags |
---|---|---|---|---|---|---|
r-devel-linux-x86_64-debian-clang | 0.11 | 1.28 | 22.22 | 23.50 | OK | |
r-devel-linux-x86_64-debian-gcc | 0.11 | 1.39 | 17.70 | 19.09 | OK | |
r-devel-linux-x86_64-fedora-clang | 0.11 | 40.29 | OK | |||
r-devel-linux-x86_64-fedora-gcc | 0.11 | 51.04 | OK | |||
r-devel-windows-x86_64 | 0.11 | 2.00 | 5.00 | 7.00 | ERROR | |
r-patched-linux-x86_64 | 0.11 | 1.67 | 20.97 | 22.64 | OK | |
r-release-linux-x86_64 | 0.11 | 1.15 | 21.08 | 22.23 | OK | |
r-release-macos-arm64 | 0.11 | 25.00 | OK | |||
r-release-macos-x86_64 | 0.11 | 52.00 | OK | |||
r-release-windows-x86_64 | 0.11 | 4.00 | 44.00 | 48.00 | OK | |
r-oldrel-macos-arm64 | 0.11 | 35.00 | OK | |||
r-oldrel-macos-x86_64 | 0.11 | 57.00 | OK | |||
r-oldrel-windows-x86_64 | 0.11 | 3.00 | 45.00 | 48.00 | OK |
Version: 0.11
Check: whether package can be installed
Result: ERROR
Installation failed.
Flavor: r-devel-windows-x86_64