Last updated on 2024-07-26 07:51:52 CEST.
Flavor | Version | Tinstall | Tcheck | Ttotal | Status | Flags |
---|---|---|---|---|---|---|
r-devel-linux-x86_64-debian-clang | 0.9.4 | 15.15 | 141.03 | 156.18 | OK | |
r-devel-linux-x86_64-debian-gcc | 0.9.4 | 11.73 | 105.37 | 117.10 | OK | |
r-devel-linux-x86_64-fedora-clang | 0.9.4 | 194.60 | NOTE | |||
r-devel-linux-x86_64-fedora-gcc | 0.9.4 | 183.54 | NOTE | |||
r-devel-windows-x86_64 | 0.9.4 | 18.00 | 143.00 | 161.00 | OK | |
r-patched-linux-x86_64 | 0.9.4 | OK | ||||
r-release-linux-x86_64 | 0.9.4 | 9.28 | 134.28 | 143.56 | OK | |
r-release-macos-arm64 | 0.9.4 | 52.00 | OK | |||
r-release-macos-x86_64 | 0.9.4 | 81.00 | OK | |||
r-release-windows-x86_64 | 0.9.4 | 14.00 | 146.00 | 160.00 | OK | |
r-oldrel-macos-arm64 | 0.9.4 | 61.00 | OK | |||
r-oldrel-macos-x86_64 | 0.9.4 | 97.00 | NOTE | |||
r-oldrel-windows-x86_64 | 0.9.4 | 19.00 | 180.00 | 199.00 | OK |
Version: 0.9.4
Check: data for non-ASCII characters
Result: NOTE
Note: found 11 marked UTF-8 strings
Flavors: r-devel-linux-x86_64-fedora-clang, r-devel-linux-x86_64-fedora-gcc
Version: 0.9.4
Check: package dependencies
Result: NOTE
Package suggested but not available for checking: ‘geojsonio’
Flavor: r-oldrel-macos-x86_64