CRAN Package Check Results for Package hierarchicalSets

Last updated on 2025-06-30 07:49:22 CEST.

Flavor Version Tinstall Tcheck Ttotal Status Flags
r-devel-linux-x86_64-debian-clang 1.0.4 28.72 97.04 125.76 NOTE
r-devel-linux-x86_64-debian-gcc 1.0.4 22.69 69.07 91.76 NOTE
r-devel-linux-x86_64-fedora-clang 1.0.4 197.50 OK
r-devel-linux-x86_64-fedora-gcc 1.0.4 186.12 OK
r-devel-windows-x86_64 1.0.4 33.00 118.00 151.00 OK
r-patched-linux-x86_64 OK
r-release-linux-x86_64 1.0.4 32.26 88.64 120.90 OK
r-release-macos-arm64 1.0.4 56.00 OK
r-release-macos-x86_64 1.0.4 101.00 OK
r-release-windows-x86_64 1.0.4 35.00 118.00 153.00 OK
r-oldrel-macos-arm64 1.0.4 53.00 OK
r-oldrel-macos-x86_64 1.0.4 78.00 OK
r-oldrel-windows-x86_64 1.0.4 40.00 138.00 178.00 OK

Check Details

Version: 1.0.4
Check: CRAN incoming feasibility
Result: NOTE Maintainer: ‘Thomas Lin Pedersen <thomasp85@gmail.com>’ No Authors@R field in DESCRIPTION. Please add one, modifying Authors@R: person(given = c("Thomas", "Lin"), family = "Pedersen", role = c("aut", "cre"), email = "thomasp85@gmail.com") as necessary. Flavors: r-devel-linux-x86_64-debian-clang, r-devel-linux-x86_64-debian-gcc