CRAN Package Check Results for Package heiscore.data

Last updated on 2025-02-11 07:48:25 CET.

Flavor Version Tinstall Tcheck Ttotal Status Flags
r-devel-linux-x86_64-debian-clang 0.0.1 20.92 18.52 39.44 OK
r-devel-linux-x86_64-debian-gcc 0.0.1 16.31 15.55 31.86 OK
r-devel-linux-x86_64-fedora-clang 0.0.1 65.29 OK
r-devel-linux-x86_64-fedora-gcc 0.0.1 61.33 OK
r-devel-windows-x86_64 0.0.1 20.00 39.00 59.00 OK
r-patched-linux-x86_64 0.0.1 21.52 18.16 39.68 OK
r-release-linux-x86_64 0.0.1 20.35 17.87 38.22 OK
r-release-macos-arm64 0.0.1 36.00 NOTE
r-release-macos-x86_64 0.0.1 47.00 NOTE
r-release-windows-x86_64 0.0.1 20.00 41.00 61.00 NOTE
r-oldrel-windows-x86_64 0.0.1 25.00 40.00 65.00 NOTE

Check Details

Version: 0.0.1
Check: installed package size
Result: NOTE installed size is 5.4Mb sub-directories of 1Mb or more: data 5.2Mb Flavors: r-release-macos-arm64, r-release-macos-x86_64, r-release-windows-x86_64, r-oldrel-windows-x86_64