Last updated on 2024-07-26 07:51:52 CEST.
Flavor | Version | Tinstall | Tcheck | Ttotal | Status | Flags |
---|---|---|---|---|---|---|
r-devel-linux-x86_64-debian-clang | 0.0.1 | 19.01 | 289.87 | 308.88 | OK | |
r-devel-linux-x86_64-debian-gcc | 0.0.1 | 16.85 | 208.96 | 225.81 | NOTE | |
r-devel-linux-x86_64-fedora-clang | 0.0.1 | 398.69 | OK | |||
r-devel-linux-x86_64-fedora-gcc | 0.0.1 | 378.55 | OK | |||
r-devel-windows-x86_64 | 0.0.1 | 18.00 | 216.00 | 234.00 | NOTE | |
r-patched-linux-x86_64 | 0.0.1 | OK | ||||
r-release-linux-x86_64 | 0.0.1 | 14.04 | 291.44 | 305.48 | OK | |
r-release-macos-arm64 | 0.0.1 | 77.00 | OK | |||
r-release-macos-x86_64 | 0.0.1 | 153.00 | OK | |||
r-release-windows-x86_64 | 0.0.1 | 18.00 | 224.00 | 242.00 | OK | |
r-oldrel-macos-arm64 | 0.0.1 | 90.00 | OK | |||
r-oldrel-macos-x86_64 | 0.0.1 | 170.00 | OK | |||
r-oldrel-windows-x86_64 | 0.0.1 | 23.00 | 268.00 | 291.00 | OK |
Version: 0.0.1
Check: Rd cross-references
Result: NOTE
Found the following Rd file(s) with Rd \link{} targets missing package
anchors:
cure_estimate.Rd: survfit
nonzerocure_test.Rd: survfit
sufficient_fu_test.Rd: survfit
Please provide package anchors for all Rd \link{} targets not in the
package itself and the base packages.
Flavors: r-devel-linux-x86_64-debian-gcc, r-devel-windows-x86_64