Last updated on 2025-11-03 07:48:40 CET.
| Flavor | Version | Tinstall | Tcheck | Ttotal | Status | Flags |
|---|---|---|---|---|---|---|
| r-devel-linux-x86_64-debian-clang | 0.2.3 | 7.97 | 68.90 | 76.87 | OK | |
| r-devel-linux-x86_64-debian-gcc | 0.2.3 | 6.26 | 48.08 | 54.34 | OK | |
| r-devel-linux-x86_64-fedora-clang | 0.2.3 | 37.00 | 86.06 | 123.06 | OK | |
| r-devel-linux-x86_64-fedora-gcc | 0.2.3 | 46.00 | 74.28 | 120.28 | OK | |
| r-devel-windows-x86_64 | 0.2.3 | 10.00 | 74.00 | 84.00 | OK | |
| r-patched-linux-x86_64 | 0.2.3 | 7.81 | 63.11 | 70.92 | OK | |
| r-release-linux-x86_64 | 0.2.3 | 0.31 | 1.90 | 2.21 | ERROR | |
| r-release-macos-arm64 | 0.2.3 | 3.00 | 27.00 | 30.00 | OK | |
| r-release-macos-x86_64 | 0.2.3 | 9.00 | 48.00 | 57.00 | OK | |
| r-release-windows-x86_64 | 0.2.3 | 9.00 | 72.00 | 81.00 | OK | |
| r-oldrel-macos-arm64 | 0.2.3 | 3.00 | 27.00 | 30.00 | OK | |
| r-oldrel-macos-x86_64 | 0.2.3 | 5.00 | 53.00 | 58.00 | OK | |
| r-oldrel-windows-x86_64 | 0.2.3 | 13.00 | 89.00 | 102.00 | OK |
Version: 0.2.3
Check: package dependencies
Result: ERROR
Package required but not available: ‘ggtree’
See section ‘The DESCRIPTION file’ in the ‘Writing R Extensions’
manual.
Flavor: r-release-linux-x86_64