CRAN Package Check Results for Package gym

Last updated on 2025-11-02 07:50:09 CET.

Flavor Version Tinstall Tcheck Ttotal Status Flags
r-devel-linux-x86_64-debian-clang 0.1.0 1.86 21.23 23.09 OK
r-devel-linux-x86_64-debian-gcc 0.1.0 1.58 17.58 19.16 OK
r-devel-linux-x86_64-fedora-clang 0.1.0 33.04 OK
r-devel-linux-x86_64-fedora-gcc 0.1.0 29.04 OK
r-devel-windows-x86_64 0.1.0 3.00 41.00 44.00 OK
r-patched-linux-x86_64 0.1.0 2.06 18.84 20.90 OK
r-release-linux-x86_64 0.1.0 1.60 18.73 20.33 OK
r-release-macos-arm64 0.1.0 1.00 16.00 17.00 OK
r-release-macos-x86_64 0.1.0 2.00 24.00 26.00 OK
r-release-windows-x86_64 0.1.0 4.00 40.00 44.00 OK
r-oldrel-macos-arm64 0.1.0 1.00 15.00 16.00 NOTE
r-oldrel-macos-x86_64 0.1.0 2.00 19.00 21.00 NOTE
r-oldrel-windows-x86_64 0.1.0 4.00 46.00 50.00 NOTE

Check Details

Version: 0.1.0
Check: LazyData
Result: NOTE 'LazyData' is specified without a 'data' directory Flavors: r-oldrel-macos-arm64, r-oldrel-macos-x86_64, r-oldrel-windows-x86_64