Last updated on 2025-10-27 07:50:01 CET.
| Flavor | Version | Tinstall | Tcheck | Ttotal | Status | Flags |
|---|---|---|---|---|---|---|
| r-devel-linux-x86_64-debian-clang | 1.10-3 | 1.85 | 31.49 | 33.34 | OK | |
| r-devel-linux-x86_64-debian-gcc | 1.10-3 | 1.50 | 25.30 | 26.80 | OK | |
| r-devel-linux-x86_64-fedora-clang | 1.10-3 | 11.00 | WARN | |||
| r-devel-linux-x86_64-fedora-gcc | 1.10-3 | 57.25 | OK | |||
| r-devel-windows-x86_64 | 1.10-3 | 4.00 | 59.00 | 63.00 | OK | |
| r-patched-linux-x86_64 | 1.10-3 | 1.82 | 29.30 | 31.12 | OK | |
| r-release-linux-x86_64 | 1.10-3 | 1.81 | 29.38 | 31.19 | OK | |
| r-release-macos-arm64 | 1.10-3 | 1.00 | 27.00 | 28.00 | OK | |
| r-release-macos-x86_64 | 1.10-3 | 2.00 | 44.00 | 46.00 | OK | |
| r-release-windows-x86_64 | 1.10-3 | 2.00 | 65.00 | 67.00 | OK | |
| r-oldrel-macos-arm64 | 1.10-3 | 1.00 | 36.00 | 37.00 | OK | |
| r-oldrel-macos-x86_64 | 1.10-3 | 2.00 | 73.00 | 75.00 | OK | |
| r-oldrel-windows-x86_64 | 1.10-3 | 5.00 | 63.00 | 68.00 | OK |
Version: 1.10-3
Check: re-building of vignette outputs
Result: WARN
Error(s) in re-building vignettes:
--- re-building ‘gumbel.Rnw’ using Sweave
Error: processing vignette 'gumbel.Rnw' failed with diagnostics:
Running 'texi2dvi' on 'gumbel.tex' failed.
LaTeX errors:
! Undefined control sequence.
\__hook begindocument ...fter {\bbl@main@language
}\ifbbl@single \renewcomma...
l.76 \begin{document}
! Emergency stop.
\__hook begindocument ...fter {\bbl@main@language
}\ifbbl@single \renewcomma...
l.76 \begin{document}
! ==> Fatal error occurred, no output PDF file produced!
--- failed re-building ‘gumbel.Rnw’
SUMMARY: processing the following file failed:
‘gumbel.Rnw’
Error: Vignette re-building failed.
Execution halted
Flavor: r-devel-linux-x86_64-fedora-clang