CRAN Package Check Results for Package gtfsrouter

Last updated on 2025-06-30 07:49:21 CEST.

Flavor Version Tinstall Tcheck Ttotal Status Flags
r-devel-linux-x86_64-debian-clang 0.1.4 42.10 106.97 149.07 OK
r-devel-linux-x86_64-debian-gcc 0.1.4 31.41 78.43 109.84 OK
r-devel-linux-x86_64-fedora-clang 0.1.4 277.12 OK
r-devel-linux-x86_64-fedora-gcc 0.1.4 247.06 OK
r-devel-windows-x86_64 0.1.4 46.00 153.00 199.00 OK
r-patched-linux-x86_64 OK
r-release-linux-x86_64 0.1.4 43.37 100.68 144.05 OK
r-release-macos-arm64 0.1.4 94.00 OK
r-release-macos-x86_64 0.1.4 134.00 OK
r-release-windows-x86_64 0.1.4 50.00 149.00 199.00 OK
r-oldrel-macos-arm64 0.1.4 95.00 NOTE
r-oldrel-macos-x86_64 0.1.4 135.00 NOTE
r-oldrel-windows-x86_64 0.1.4 60.00 177.00 237.00 NOTE

Check Details

Version: 0.1.4
Check: installed package size
Result: NOTE installed size is 8.2Mb sub-directories of 1Mb or more: doc 4.1Mb libs 3.4Mb Flavors: r-oldrel-macos-arm64, r-oldrel-macos-x86_64, r-oldrel-windows-x86_64