Last updated on 2024-07-26 07:51:52 CEST.
Flavor | Version | Tinstall | Tcheck | Ttotal | Status | Flags |
---|---|---|---|---|---|---|
r-devel-linux-x86_64-debian-clang | 0.2.2 | 9.23 | 535.40 | 544.63 | NOTE | |
r-devel-linux-x86_64-debian-gcc | 0.2.2 | 6.50 | 370.18 | 376.68 | NOTE | |
r-devel-linux-x86_64-fedora-clang | 0.2.2 | 715.56 | NOTE | |||
r-devel-linux-x86_64-fedora-gcc | 0.2.2 | 650.48 | NOTE | |||
r-devel-windows-x86_64 | 0.2.2 | 8.00 | 397.00 | 405.00 | NOTE | |
r-patched-linux-x86_64 | 0.2.2 | NOTE | ||||
r-release-linux-x86_64 | 0.2.2 | 7.83 | 538.87 | 546.70 | NOTE | |
r-release-macos-arm64 | 0.2.2 | 171.00 | NOTE | |||
r-release-macos-x86_64 | 0.2.2 | 290.00 | NOTE | |||
r-release-windows-x86_64 | 0.2.2 | 8.00 | 403.00 | 411.00 | NOTE | |
r-oldrel-macos-arm64 | 0.2.2 | 188.00 | OK | |||
r-oldrel-macos-x86_64 | 0.2.2 | 335.00 | OK | |||
r-oldrel-windows-x86_64 | 0.2.2 | 10.00 | 465.00 | 475.00 | OK |
Version: 0.2.2
Check: Rd files
Result: NOTE
checkRd: (-1) crossval.Rd:54: Lost braces in \itemize; \value handles \item{}{} directly
checkRd: (-1) crossval.Rd:55: Lost braces in \itemize; \value handles \item{}{} directly
checkRd: (-1) crossval.Rd:56: Lost braces in \itemize; \value handles \item{}{} directly
checkRd: (-1) crossval.Rd:57: Lost braces in \itemize; \value handles \item{}{} directly
checkRd: (-1) crossval.Rd:58: Lost braces in \itemize; \value handles \item{}{} directly
checkRd: (-1) crossval.Rd:59: Lost braces in \itemize; \value handles \item{}{} directly
checkRd: (-1) gsbm_mcgd.Rd:57: Lost braces in \itemize; \value handles \item{}{} directly
checkRd: (-1) gsbm_mcgd.Rd:58: Lost braces in \itemize; \value handles \item{}{} directly
checkRd: (-1) gsbm_mcgd.Rd:59: Lost braces in \itemize; \value handles \item{}{} directly
checkRd: (-1) gsbm_mcgd.Rd:60: Lost braces in \itemize; \value handles \item{}{} directly
checkRd: (-1) gsbm_mcgd.Rd:61: Lost braces in \itemize; \value handles \item{}{} directly
checkRd: (-1) gsbm_mcgd.Rd:62: Lost braces in \itemize; \value handles \item{}{} directly
checkRd: (-1) gsbm_mcgd_parallel.Rd:57: Lost braces in \itemize; \value handles \item{}{} directly
checkRd: (-1) gsbm_mcgd_parallel.Rd:58: Lost braces in \itemize; \value handles \item{}{} directly
checkRd: (-1) gsbm_mcgd_parallel.Rd:59: Lost braces in \itemize; \value handles \item{}{} directly
checkRd: (-1) gsbm_mcgd_parallel.Rd:60: Lost braces in \itemize; \value handles \item{}{} directly
checkRd: (-1) gsbm_mcgd_parallel.Rd:61: Lost braces in \itemize; \value handles \item{}{} directly
checkRd: (-1) gsbm_mcgd_parallel.Rd:62: Lost braces in \itemize; \value handles \item{}{} directly
Flavors: r-devel-linux-x86_64-debian-clang, r-devel-linux-x86_64-debian-gcc, r-devel-linux-x86_64-fedora-clang, r-devel-linux-x86_64-fedora-gcc, r-devel-windows-x86_64, r-patched-linux-x86_64, r-release-linux-x86_64, r-release-macos-arm64, r-release-macos-x86_64, r-release-windows-x86_64