Last updated on 2025-10-30 07:50:56 CET.
| Flavor | Version | Tinstall | Tcheck | Ttotal | Status | Flags | 
|---|---|---|---|---|---|---|
| r-devel-linux-x86_64-debian-clang | 2.2.0 | 14.17 | 83.19 | 97.36 | OK | |
| r-devel-linux-x86_64-debian-gcc | 2.2.0 | 10.18 | 56.55 | 66.73 | OK | |
| r-devel-linux-x86_64-fedora-clang | 2.2.0 | 92.00 | 75.65 | 167.65 | OK | |
| r-devel-linux-x86_64-fedora-gcc | 2.2.0 | 70.00 | 84.80 | 154.80 | OK | |
| r-devel-windows-x86_64 | 2.2.0 | 16.00 | 91.00 | 107.00 | OK | |
| r-patched-linux-x86_64 | 2.2.0 | 15.27 | 77.27 | 92.54 | OK | |
| r-release-linux-x86_64 | 2.2.0 | 15.39 | 78.68 | 94.07 | OK | |
| r-release-macos-arm64 | 2.2.0 | 6.00 | 33.00 | 39.00 | OK | |
| r-release-macos-x86_64 | 2.2.0 | 14.00 | 67.00 | 81.00 | OK | |
| r-release-windows-x86_64 | 2.2.0 | 15.00 | 94.00 | 109.00 | OK | |
| r-oldrel-macos-arm64 | 2.2.0 | 7.00 | 34.00 | 41.00 | NOTE | |
| r-oldrel-macos-x86_64 | 2.2.0 | 13.00 | 65.00 | 78.00 | NOTE | |
| r-oldrel-windows-x86_64 | 2.2.0 | 22.00 | 114.00 | 136.00 | NOTE | 
Version: 2.2.0
Check: installed package size
Result: NOTE
    installed size is  6.0Mb
    sub-directories of 1Mb or more:
      extdata   5.0Mb
Flavors: r-oldrel-macos-arm64, r-oldrel-macos-x86_64, r-oldrel-windows-x86_64