Last updated on 2025-11-17 07:49:42 CET.
| Flavor | Version | Tinstall | Tcheck | Ttotal | Status | Flags |
|---|---|---|---|---|---|---|
| r-devel-linux-x86_64-debian-clang | 0.1.0 | 4.98 | 92.45 | 97.43 | OK | |
| r-devel-linux-x86_64-debian-gcc | 0.1.0 | 3.13 | 58.78 | 61.91 | OK | |
| r-devel-linux-x86_64-fedora-clang | 0.1.0 | 19.00 | 155.36 | 174.36 | NOTE | |
| r-devel-linux-x86_64-fedora-gcc | 0.1.0 | 10.00 | 140.43 | 150.43 | NOTE | |
| r-devel-windows-x86_64 | 0.1.0 | 10.00 | 101.00 | 111.00 | OK | |
| r-patched-linux-x86_64 | 0.1.0 | 4.71 | 89.82 | 94.53 | OK | |
| r-release-linux-x86_64 | 0.1.0 | 4.63 | 89.39 | 94.02 | OK | |
| r-release-macos-arm64 | 0.1.0 | 2.00 | 38.00 | 40.00 | OK | |
| r-release-macos-x86_64 | 0.1.0 | 4.00 | 85.00 | 89.00 | OK | |
| r-release-windows-x86_64 | 0.1.0 | 8.00 | 98.00 | 106.00 | OK | |
| r-oldrel-macos-arm64 | 0.1.0 | 2.00 | 36.00 | 38.00 | OK | |
| r-oldrel-macos-x86_64 | 0.1.0 | 3.00 | 68.00 | 71.00 | OK | |
| r-oldrel-windows-x86_64 | 0.1.0 | 9.00 | 131.00 | 140.00 | OK |
Version: 0.1.0
Check: dependencies in R code
Result: NOTE
Namespaces in Imports field not imported from:
‘ggplot2’ ‘gridExtra’ ‘methods’ ‘tidyr’
All declared Imports should be used.
Flavors: r-devel-linux-x86_64-fedora-clang, r-devel-linux-x86_64-fedora-gcc