Last updated on 2025-07-01 07:50:14 CEST.
Flavor | Version | Tinstall | Tcheck | Ttotal | Status | Flags |
---|---|---|---|---|---|---|
r-devel-linux-x86_64-debian-clang | 0.0.1 | 11.04 | 31.67 | 42.71 | NOTE | |
r-devel-linux-x86_64-debian-gcc | 0.0.1 | 6.75 | 26.01 | 32.76 | NOTE | |
r-devel-linux-x86_64-fedora-clang | 0.0.1 | 72.51 | OK | |||
r-devel-linux-x86_64-fedora-gcc | 0.0.1 | 79.79 | OK | |||
r-devel-windows-x86_64 | 0.0.1 | 13.00 | 74.00 | 87.00 | OK | |
r-patched-linux-x86_64 | OK | |||||
r-release-linux-x86_64 | 0.0.1 | 10.13 | 29.96 | 40.09 | OK | |
r-release-macos-arm64 | 0.0.1 | 40.00 | OK | |||
r-release-macos-x86_64 | 0.0.1 | 56.00 | OK | |||
r-release-windows-x86_64 | 0.0.1 | 14.00 | 69.00 | 83.00 | OK | |
r-oldrel-macos-arm64 | 0.0.1 | 32.00 | OK | |||
r-oldrel-macos-x86_64 | 0.0.1 | 61.00 | OK | |||
r-oldrel-windows-x86_64 | 0.0.1 | 16.00 | 82.00 | 98.00 | OK |
Version: 0.0.1
Check: CRAN incoming feasibility
Result: NOTE
Maintainer: ‘David Buch <davidbuch42@gmail.com>’
Package CITATION file contains call(s) to old-style citEntry(). Please
use bibentry() instead.
Flavors: r-devel-linux-x86_64-debian-clang, r-devel-linux-x86_64-debian-gcc