Last updated on 2025-02-17 07:50:34 CET.
Flavor | Version | Tinstall | Tcheck | Ttotal | Status | Flags |
---|---|---|---|---|---|---|
r-devel-linux-x86_64-debian-clang | 0.2.6 | 18.74 | 159.80 | 178.54 | OK | |
r-devel-linux-x86_64-debian-gcc | 0.2.6 | 10.71 | 104.08 | 114.79 | OK | |
r-devel-linux-x86_64-fedora-clang | 0.2.6 | 321.67 | OK | |||
r-devel-linux-x86_64-fedora-gcc | 0.2.6 | 296.75 | OK | |||
r-devel-macos-arm64 | 0.2.6 | 73.00 | OK | |||
r-devel-macos-x86_64 | 0.2.6 | 140.00 | OK | |||
r-devel-windows-x86_64 | 0.2.6 | 24.00 | 171.00 | 195.00 | OK | |
r-patched-linux-x86_64 | 0.2.6 | 19.81 | 146.45 | 166.26 | OK | |
r-release-linux-x86_64 | 0.2.6 | 15.15 | 146.64 | 161.79 | OK | |
r-release-macos-arm64 | 0.2.6 | 78.00 | OK | |||
r-release-macos-x86_64 | 0.2.6 | 158.00 | NOTE | |||
r-release-windows-x86_64 | 0.2.6 | 25.00 | 171.00 | 196.00 | OK | |
r-oldrel-macos-arm64 | 0.2.5 | 90.00 | NOTE | |||
r-oldrel-macos-x86_64 | 0.2.6 | 144.00 | NOTE | |||
r-oldrel-windows-x86_64 | 0.2.6 | 30.00 | 212.00 | 242.00 | OK |
Version: 0.2.6
Check: package dependencies
Result: NOTE
Package suggested but not available for checking: ‘monocle’
Flavors: r-release-macos-x86_64, r-oldrel-macos-x86_64
Version: 0.2.6
Check: Rd cross-references
Result: NOTE
Package unavailable to check Rd xrefs: ‘monocle’
Flavors: r-release-macos-x86_64, r-oldrel-macos-x86_64
Version: 0.2.5
Check: package dependencies
Result: NOTE
Package suggested but not available for checking: ‘monocle’
Flavor: r-oldrel-macos-arm64
Version: 0.2.5
Check: Rd cross-references
Result: NOTE
Package unavailable to check Rd xrefs: ‘monocle’
Flavor: r-oldrel-macos-arm64