Last updated on 2025-11-04 07:49:56 CET.
| Flavor | Version | Tinstall | Tcheck | Ttotal | Status | Flags | 
|---|---|---|---|---|---|---|
| r-devel-linux-x86_64-debian-clang | 0.0.2 | 13.35 | 176.15 | 189.50 | OK | |
| r-devel-linux-x86_64-debian-gcc | 0.0.2 | 9.21 | 114.15 | 123.36 | OK | |
| r-devel-linux-x86_64-fedora-clang | 0.0.2 | 73.00 | 248.41 | 321.41 | OK | |
| r-devel-linux-x86_64-fedora-gcc | 0.0.2 | 33.00 | 246.48 | 279.48 | OK | |
| r-devel-windows-x86_64 | 0.0.2 | 16.00 | 163.00 | 179.00 | OK | |
| r-patched-linux-x86_64 | 0.0.2 | 11.68 | 169.64 | 181.32 | OK | |
| r-release-linux-x86_64 | 0.0.2 | 12.80 | 174.12 | 186.92 | OK | |
| r-release-macos-arm64 | 0.0.2 | 7.00 | 69.00 | 76.00 | OK | |
| r-release-macos-x86_64 | 0.0.2 | 13.00 | 145.00 | 158.00 | OK | |
| r-release-windows-x86_64 | 0.0.2 | 16.00 | 159.00 | 175.00 | OK | |
| r-oldrel-macos-arm64 | 0.0.2 | 6.00 | 64.00 | 70.00 | NOTE | |
| r-oldrel-macos-x86_64 | 0.0.2 | 10.00 | 104.00 | 114.00 | NOTE | |
| r-oldrel-windows-x86_64 | 0.0.2 | 19.00 | 213.00 | 232.00 | NOTE | 
Version: 0.0.2
Check: LazyData
Result: NOTE
    'LazyData' is specified without a 'data' directory
Flavors: r-oldrel-macos-arm64, r-oldrel-macos-x86_64, r-oldrel-windows-x86_64