CRAN Package Check Results for Package gontr

Last updated on 2025-11-04 07:49:56 CET.

Flavor Version Tinstall Tcheck Ttotal Status Flags
r-devel-linux-x86_64-debian-clang 1.1.0 5.77 20.86 26.63 NOTE
r-devel-linux-x86_64-debian-gcc 1.1.0 4.13 17.03 21.16 NOTE
r-devel-linux-x86_64-fedora-clang 1.1.0 28.00 12.30 40.30 OK
r-devel-linux-x86_64-fedora-gcc 1.1.0 11.00 25.32 36.32 OK
r-devel-windows-x86_64 1.1.0 9.00 36.00 45.00 OK
r-patched-linux-x86_64 1.1.0 5.30 19.51 24.81 OK
r-release-linux-x86_64 1.1.0 5.93 19.49 25.42 OK
r-release-macos-arm64 1.1.0 4.00 16.00 20.00 OK
r-release-macos-x86_64 1.1.0 9.00 22.00 31.00 OK
r-release-windows-x86_64 1.1.0 8.00 35.00 43.00 OK
r-oldrel-macos-arm64 1.1.0 4.00 13.00 17.00 OK
r-oldrel-macos-x86_64 1.1.0 5.00 21.00 26.00 OK
r-oldrel-windows-x86_64 1.1.0 7.00 38.00 45.00 OK

Check Details

Version: 1.1.0
Check: CRAN incoming feasibility
Result: NOTE Maintainer: ‘Kalifa Manjang <kalifamanjang1@gmail.com>’ No Authors@R field in DESCRIPTION. Please add one, modifying Authors@R: person(given = "Kalifa", family = "Manjang", role = c("aut", "cre"), email = "kalifamanjang1@gmail.com") as necessary. Flavors: r-devel-linux-x86_64-debian-clang, r-devel-linux-x86_64-debian-gcc