CRAN Package Check Results for Package gofgamma

Last updated on 2025-02-11 07:48:24 CET.

Flavor Version Tinstall Tcheck Ttotal Status Flags
r-devel-linux-x86_64-debian-clang 1.0 1.97 21.23 23.20 OK
r-devel-linux-x86_64-debian-gcc 1.0 1.63 16.55 18.18 OK
r-devel-linux-x86_64-fedora-clang 1.0 38.79 OK
r-devel-linux-x86_64-fedora-gcc 1.0 35.26 OK
r-devel-windows-x86_64 1.0 3.00 44.00 47.00 OK
r-patched-linux-x86_64 1.0 2.25 20.23 22.48 NOTE
r-release-linux-x86_64 1.0 1.92 19.90 21.82 NOTE
r-release-macos-arm64 1.0 15.00 NOTE
r-release-macos-x86_64 1.0 21.00 NOTE
r-release-windows-x86_64 1.0 3.00 41.00 44.00 NOTE
r-oldrel-macos-arm64 1.0 16.00 NOTE
r-oldrel-macos-x86_64 1.0 21.00 NOTE
r-oldrel-windows-x86_64 1.0 5.00 43.00 48.00 NOTE

Check Details

Version: 1.0
Check: LazyData
Result: NOTE 'LazyData' is specified without a 'data' directory Flavors: r-patched-linux-x86_64, r-release-linux-x86_64, r-release-macos-arm64, r-release-macos-x86_64, r-release-windows-x86_64, r-oldrel-macos-arm64, r-oldrel-macos-x86_64, r-oldrel-windows-x86_64