Last updated on 2024-07-26 07:51:52 CEST.
Flavor | Version | Tinstall | Tcheck | Ttotal | Status | Flags |
---|---|---|---|---|---|---|
r-devel-linux-x86_64-debian-clang | 0.7-10 | 2.91 | 35.81 | 38.72 | OK | |
r-devel-linux-x86_64-debian-gcc | 0.7-10 | 2.50 | 26.85 | 29.35 | OK | |
r-devel-linux-x86_64-fedora-clang | 0.7-10 | 51.12 | NOTE | |||
r-devel-linux-x86_64-fedora-gcc | 0.7-10 | 58.20 | OK | |||
r-devel-windows-x86_64 | 0.7-10 | 4.00 | 48.00 | 52.00 | OK | |
r-patched-linux-x86_64 | 0.7-10 | OK | ||||
r-release-linux-x86_64 | 0.7-10 | 2.87 | 32.74 | 35.61 | OK | |
r-release-macos-arm64 | 0.7-10 | 23.00 | OK | |||
r-release-macos-x86_64 | 0.7-10 | 35.00 | OK | |||
r-release-windows-x86_64 | 0.7-10 | 4.00 | 48.00 | 52.00 | OK | |
r-oldrel-macos-arm64 | 0.7-10 | 36.00 | OK | |||
r-oldrel-macos-x86_64 | 0.7-10 | 81.00 | OK | |||
r-oldrel-windows-x86_64 | 0.7-10 | 3.00 | 50.00 | 53.00 | OK |
Version: 0.7-10
Check: Rd cross-references
Result: NOTE
Undeclared packages ‘openxlsx’, ‘readxl’ in Rd xrefs
Flavor: r-devel-linux-x86_64-fedora-clang