CRAN Package Check Results for Package gnomonicM

Last updated on 2025-02-17 07:50:34 CET.

Flavor Version Tinstall Tcheck Ttotal Status Flags
r-devel-linux-x86_64-debian-clang 1.0.1 4.63 61.00 65.63 OK
r-devel-linux-x86_64-debian-gcc 1.0.1 3.30 44.19 47.49 OK
r-devel-linux-x86_64-fedora-clang 1.0.1 108.33 OK
r-devel-linux-x86_64-fedora-gcc 1.0.1 108.78 OK
r-devel-macos-arm64 1.0.1 35.00 OK
r-devel-macos-x86_64 1.0.1 74.00 OK
r-devel-windows-x86_64 1.0.1 6.00 76.00 82.00 OK
r-patched-linux-x86_64 1.0.1 4.88 57.38 62.26 NOTE
r-release-linux-x86_64 1.0.1 3.91 57.90 61.81 NOTE
r-release-macos-arm64 1.0.1 35.00 NOTE
r-release-macos-x86_64 1.0.1 58.00 NOTE
r-release-windows-x86_64 1.0.1 7.00 74.00 81.00 NOTE
r-oldrel-macos-arm64 1.0.1 37.00 NOTE
r-oldrel-macos-x86_64 1.0.1 50.00 NOTE
r-oldrel-windows-x86_64 1.0.1 8.00 75.00 83.00 NOTE

Check Details

Version: 1.0.1
Check: LazyData
Result: NOTE 'LazyData' is specified without a 'data' directory Flavors: r-patched-linux-x86_64, r-release-linux-x86_64, r-release-macos-arm64, r-release-macos-x86_64, r-release-windows-x86_64, r-oldrel-macos-arm64, r-oldrel-macos-x86_64, r-oldrel-windows-x86_64