Last updated on 2025-02-10 07:49:59 CET.
Flavor | Version | Tinstall | Tcheck | Ttotal | Status | Flags |
---|---|---|---|---|---|---|
r-devel-linux-x86_64-debian-clang | 1.1.1 | 12.11 | 49.37 | 61.48 | NOTE | |
r-devel-linux-x86_64-debian-gcc | 1.1.1 | 7.82 | 31.42 | 39.24 | NOTE | |
r-devel-linux-x86_64-fedora-clang | 1.1.1 | 99.13 | NOTE | |||
r-devel-linux-x86_64-fedora-gcc | 1.1.1 | 89.97 | NOTE | |||
r-devel-windows-x86_64 | 1.1.1 | 11.00 | 65.00 | 76.00 | NOTE | |
r-patched-linux-x86_64 | 1.1.1 | 11.07 | 44.83 | 55.90 | NOTE | |
r-release-linux-x86_64 | 1.1.1 | 10.17 | 44.95 | 55.12 | NOTE | |
r-release-macos-arm64 | 1.1.1 | 26.00 | NOTE | |||
r-release-macos-x86_64 | 1.1.1 | 48.00 | NOTE | |||
r-release-windows-x86_64 | 1.1.1 | 13.00 | 61.00 | 74.00 | NOTE | |
r-oldrel-macos-arm64 | 1.1.1 | 29.00 | NOTE | |||
r-oldrel-macos-x86_64 | 1.1.1 | 49.00 | NOTE | |||
r-oldrel-windows-x86_64 | 1.1.1 | 14.00 | 77.00 | 91.00 | NOTE |
Version: 1.1.1
Check: package subdirectories
Result: NOTE
Problems with news in ‘NEWS.md’:
No news entries found.
Flavors: r-devel-linux-x86_64-debian-clang, r-devel-linux-x86_64-debian-gcc, r-devel-linux-x86_64-fedora-clang, r-devel-linux-x86_64-fedora-gcc, r-devel-windows-x86_64, r-patched-linux-x86_64, r-release-linux-x86_64, r-release-macos-arm64, r-release-macos-x86_64, r-release-windows-x86_64, r-oldrel-macos-arm64, r-oldrel-macos-x86_64, r-oldrel-windows-x86_64
Version: 1.1.1
Check: LazyData
Result: NOTE
'LazyData' is specified without a 'data' directory
Flavors: r-patched-linux-x86_64, r-release-linux-x86_64, r-release-macos-arm64, r-release-macos-x86_64, r-release-windows-x86_64, r-oldrel-macos-arm64, r-oldrel-macos-x86_64, r-oldrel-windows-x86_64
Version: 1.1.1
Check: Rd cross-references
Result: NOTE
Package unavailable to check Rd xrefs: ‘repeated’
Flavor: r-oldrel-macos-x86_64