Last updated on 2024-05-13 07:50:02 CEST.
Flavor | Version | Tinstall | Tcheck | Ttotal | Status | Flags |
---|---|---|---|---|---|---|
r-devel-linux-x86_64-debian-clang | 1.0.1 | 2.23 | 53.96 | 56.19 | NOTE | |
r-devel-linux-x86_64-debian-gcc | 1.0.1 | 2.01 | 38.94 | 40.95 | NOTE | |
r-devel-linux-x86_64-fedora-clang | 1.0.1 | 69.73 | NOTE | |||
r-devel-linux-x86_64-fedora-gcc | 1.0.1 | 87.16 | NOTE | |||
r-devel-windows-x86_64 | 1.0.1 | 3.00 | 66.00 | 69.00 | NOTE | |
r-patched-linux-x86_64 | 1.0.1 | 2.92 | 55.59 | 58.51 | NOTE | |
r-release-linux-x86_64 | 1.0.1 | 2.53 | 51.68 | 54.21 | NOTE | |
r-release-macos-arm64 | 1.0.1 | 28.00 | NOTE | |||
r-release-windows-x86_64 | 1.0.1 | 5.00 | 68.00 | 73.00 | NOTE | |
r-oldrel-macos-arm64 | 1.0.1 | 29.00 | NOTE | |||
r-oldrel-macos-x86_64 | 1.0.1 | 46.00 | NOTE | |||
r-oldrel-windows-x86_64 | 1.0.1 | 4.00 | 65.00 | 69.00 | NOTE |
Version: 1.0.1
Check: LazyData
Result: NOTE
'LazyData' is specified without a 'data' directory
Flavors: r-devel-linux-x86_64-debian-clang, r-devel-linux-x86_64-debian-gcc, r-devel-linux-x86_64-fedora-clang, r-devel-linux-x86_64-fedora-gcc, r-devel-windows-x86_64, r-patched-linux-x86_64, r-release-linux-x86_64, r-release-macos-arm64, r-release-windows-x86_64, r-oldrel-macos-arm64, r-oldrel-macos-x86_64, r-oldrel-windows-x86_64