Last updated on 2025-02-17 07:50:34 CET.
Flavor | Version | Tinstall | Tcheck | Ttotal | Status | Flags |
---|---|---|---|---|---|---|
r-devel-linux-x86_64-debian-clang | 0.5-5 | 38.36 | 221.91 | 260.27 | OK | |
r-devel-linux-x86_64-debian-gcc | 0.5-5 | 26.53 | 142.39 | 168.92 | OK | |
r-devel-linux-x86_64-fedora-clang | 0.5-5 | 471.95 | NOTE | |||
r-devel-linux-x86_64-fedora-gcc | 0.5-5 | 417.10 | NOTE | |||
r-devel-macos-arm64 | 0.5-5 | 104.00 | OK | |||
r-devel-macos-x86_64 | 0.5-5 | 255.00 | OK | |||
r-devel-windows-x86_64 | 0.5-5 | 38.00 | 198.00 | 236.00 | OK | |
r-patched-linux-x86_64 | 0.5-5 | 42.26 | 203.86 | 246.12 | OK | |
r-release-linux-x86_64 | 0.5-5 | 36.22 | 204.04 | 240.26 | OK | |
r-release-macos-arm64 | 0.5-5 | 105.00 | OK | |||
r-release-macos-x86_64 | 0.5-5 | 269.00 | OK | |||
r-release-windows-x86_64 | 0.5-5 | 38.00 | 196.00 | 234.00 | OK | |
r-oldrel-macos-arm64 | 0.5-4 | 92.00 | OK | |||
r-oldrel-macos-x86_64 | 0.5-5 | 197.00 | OK | |||
r-oldrel-windows-x86_64 | 0.5-5 | 53.00 | 252.00 | 305.00 | OK |
Version: 0.5-5
Check: dependencies in R code
Result: NOTE
Namespaces in Imports field not imported from:
‘DiceKriging’ ‘rgenoud’
All declared Imports should be used.
Flavors: r-devel-linux-x86_64-fedora-clang, r-devel-linux-x86_64-fedora-gcc