Last updated on 2024-07-26 07:51:51 CEST.
Flavor | Version | Tinstall | Tcheck | Ttotal | Status | Flags |
---|---|---|---|---|---|---|
r-devel-linux-x86_64-debian-clang | 1.6.3 | 76.45 | 174.69 | 251.14 | OK | |
r-devel-linux-x86_64-debian-gcc | 1.6.3 | 59.66 | 124.91 | 184.57 | OK | |
r-devel-linux-x86_64-fedora-clang | 1.6.3 | 333.93 | NOTE | |||
r-devel-linux-x86_64-fedora-gcc | 1.6.3 | 320.75 | OK | |||
r-devel-windows-x86_64 | 1.6.3 | 62.00 | 131.00 | 193.00 | OK | |
r-patched-linux-x86_64 | 1.6.3 | OK | ||||
r-release-linux-x86_64 | 1.6.3 | 74.97 | 165.56 | 240.53 | OK | |
r-release-macos-arm64 | 1.6.3 | 73.00 | NOTE | |||
r-release-macos-x86_64 | 1.6.3 | 118.00 | NOTE | |||
r-release-windows-x86_64 | 1.6.3 | 64.00 | 131.00 | 195.00 | OK | |
r-oldrel-macos-arm64 | 1.6.3 | 73.00 | NOTE | |||
r-oldrel-macos-x86_64 | 1.6.3 | 179.00 | NOTE | |||
r-oldrel-windows-x86_64 | 1.6.3 | 77.00 | 167.00 | 244.00 | OK |
Version: 1.6.3
Check: Rd cross-references
Result: NOTE
Undeclared package ‘GMMBoost’ in Rd xrefs
Flavor: r-devel-linux-x86_64-fedora-clang
Version: 1.6.3
Check: installed package size
Result: NOTE
installed size is 10.6Mb
sub-directories of 1Mb or more:
libs 10.0Mb
Flavors: r-release-macos-arm64, r-release-macos-x86_64, r-oldrel-macos-arm64, r-oldrel-macos-x86_64