Last updated on 2025-11-08 07:50:12 CET.
| Flavor | Version | Tinstall | Tcheck | Ttotal | Status | Flags |
|---|---|---|---|---|---|---|
| r-devel-linux-x86_64-debian-clang | 4.3-0 | 11.89 | 148.01 | 159.90 | NOTE | |
| r-devel-linux-x86_64-debian-gcc | 4.3-0 | 6.96 | 104.67 | 111.63 | NOTE | |
| r-devel-linux-x86_64-fedora-clang | 4.3-2 | 59.00 | 200.10 | 259.10 | OK | |
| r-devel-linux-x86_64-fedora-gcc | 4.3-0 | 24.00 | 225.42 | 249.42 | OK | |
| r-devel-windows-x86_64 | 4.3-0 | 13.00 | 159.00 | 172.00 | OK | |
| r-patched-linux-x86_64 | 4.3-0 | 11.68 | 139.58 | 151.26 | OK | |
| r-release-linux-x86_64 | 4.3-0 | 10.16 | 139.52 | 149.68 | OK | |
| r-release-macos-arm64 | 4.3-2 | 5.00 | 91.00 | 96.00 | OK | |
| r-release-macos-x86_64 | 4.3-2 | 13.00 | 195.00 | 208.00 | OK | |
| r-release-windows-x86_64 | 4.3-2 | 13.00 | 156.00 | 169.00 | OK | |
| r-oldrel-macos-arm64 | 4.3-2 | 6.00 | 84.00 | 90.00 | OK | |
| r-oldrel-macos-x86_64 | 4.3-2 | 12.00 | 186.00 | 198.00 | OK | |
| r-oldrel-windows-x86_64 | 4.3-2 | 18.00 | 203.00 | 221.00 | OK |
Version: 4.3-0
Check: CRAN incoming feasibility
Result: NOTE
Maintainer: ‘Benjamin E. Schlegel <kontakt@benjaminschlegel.ch>’
No Authors@R field in DESCRIPTION.
Please add one, modifying
Authors@R: person(given = c("Benjamin", "E."),
family = "Schlegel",
role = c("aut", "cre"),
email = "kontakt@benjaminschlegel.ch")
as necessary.
Flavors: r-devel-linux-x86_64-debian-clang, r-devel-linux-x86_64-debian-gcc