Last updated on 2025-02-06 07:50:35 CET.
Flavor | Version | Tinstall | Tcheck | Ttotal | Status | Flags |
---|---|---|---|---|---|---|
r-devel-linux-x86_64-debian-clang | 1.0.4 | 11.71 | 24.57 | 36.28 | OK | |
r-devel-linux-x86_64-debian-gcc | 1.0.4 | 10.27 | 19.22 | 29.49 | OK | |
r-devel-linux-x86_64-fedora-clang | 1.0.4 | 63.92 | OK | |||
r-devel-linux-x86_64-fedora-gcc | 1.0.4 | 65.65 | OK | |||
r-devel-windows-x86_64 | 1.0.4 | 14.00 | 64.00 | 78.00 | OK | |
r-patched-linux-x86_64 | 1.0.4 | 14.00 | 23.75 | 37.75 | NOTE | |
r-release-linux-x86_64 | 1.0.4 | 15.34 | 23.42 | 38.76 | NOTE | |
r-release-macos-arm64 | 1.0.4 | 23.00 | NOTE | |||
r-release-macos-x86_64 | 1.0.4 | 31.00 | NOTE | |||
r-release-windows-x86_64 | 1.0.4 | 16.00 | 66.00 | 82.00 | NOTE | |
r-oldrel-macos-arm64 | 1.0.4 | 25.00 | NOTE | |||
r-oldrel-macos-x86_64 | 1.0.4 | 38.00 | NOTE | |||
r-oldrel-windows-x86_64 | 1.0.4 | 16.00 | 65.00 | 81.00 | NOTE |
Version: 1.0.4
Check: LazyData
Result: NOTE
'LazyData' is specified without a 'data' directory
Flavors: r-patched-linux-x86_64, r-release-linux-x86_64, r-release-macos-arm64, r-release-macos-x86_64, r-release-windows-x86_64, r-oldrel-macos-arm64, r-oldrel-macos-x86_64, r-oldrel-windows-x86_64