Last updated on 2025-10-25 07:49:30 CEST.
| Flavor | Version | Tinstall | Tcheck | Ttotal | Status | Flags |
|---|---|---|---|---|---|---|
| r-devel-linux-x86_64-debian-clang | 0.1.4 | 3.14 | 216.03 | 219.17 | NOTE | |
| r-devel-linux-x86_64-debian-gcc | 0.1.4 | 1.99 | 139.86 | 141.85 | NOTE | |
| r-devel-linux-x86_64-fedora-clang | 0.1.4 | 338.94 | NOTE | |||
| r-devel-linux-x86_64-fedora-gcc | 0.1.4 | 304.03 | NOTE | |||
| r-devel-windows-x86_64 | 0.1.4 | 5.00 | 184.00 | 189.00 | NOTE | |
| r-patched-linux-x86_64 | 0.1.4 | 2.78 | 208.77 | 211.55 | NOTE | |
| r-release-linux-x86_64 | 0.1.4 | 2.97 | 206.63 | 209.60 | NOTE | |
| r-release-macos-arm64 | 0.1.4 | 2.00 | 68.00 | 70.00 | NOTE | |
| r-release-macos-x86_64 | 0.1.4 | 2.00 | 144.00 | 146.00 | OK | |
| r-release-windows-x86_64 | 0.1.4 | 6.00 | 186.00 | 192.00 | NOTE | |
| r-oldrel-macos-arm64 | 0.1.4 | 2.00 | 69.00 | 71.00 | OK | |
| r-oldrel-macos-x86_64 | 0.1.4 | 2.00 | 126.00 | 128.00 | OK | |
| r-oldrel-windows-x86_64 | 0.1.4 | 5.00 | 255.00 | 260.00 | OK |
Version: 0.1.4
Check: DESCRIPTION meta-information
Result: NOTE
Missing dependency on R >= 4.1.0 because package code uses the pipe
|> or function shorthand \(...) syntax added in R 4.1.0.
File(s) using such syntax:
‘reveal_aes.Rd’ ‘reveal_axis.Rd’ ‘reveal_groups.Rd’
‘reveal_layers.Rd’ ‘reveal_panels.Rd’ ‘reveal_save.Rd’
Flavors: r-devel-linux-x86_64-debian-clang, r-devel-linux-x86_64-debian-gcc, r-devel-linux-x86_64-fedora-clang, r-devel-linux-x86_64-fedora-gcc, r-devel-windows-x86_64, r-patched-linux-x86_64, r-release-linux-x86_64, r-release-macos-arm64, r-release-windows-x86_64