Last updated on 2025-11-16 07:49:35 CET.
| Flavor | Version | Tinstall | Tcheck | Ttotal | Status | Flags |
|---|---|---|---|---|---|---|
| r-devel-linux-x86_64-debian-clang | 0.2.0 | 6.20 | 75.71 | 81.91 | ERROR | |
| r-devel-linux-x86_64-debian-gcc | 0.2.0 | 4.36 | 60.60 | 64.96 | ERROR | |
| r-devel-linux-x86_64-fedora-clang | 0.2.0 | 44.00 | 89.91 | 133.91 | ERROR | |
| r-devel-linux-x86_64-fedora-gcc | 0.2.0 | 11.00 | 107.33 | 118.33 | OK | |
| r-devel-windows-x86_64 | 0.2.0 | 12.00 | 95.00 | 107.00 | ERROR | |
| r-patched-linux-x86_64 | 0.2.0 | 5.40 | 74.43 | 79.83 | ERROR | |
| r-release-linux-x86_64 | 0.2.0 | 5.52 | 75.14 | 80.66 | ERROR | |
| r-release-macos-arm64 | 0.2.0 | 5.00 | 33.00 | 38.00 | OK | |
| r-release-macos-x86_64 | 0.2.0 | 7.00 | 54.00 | 61.00 | OK | |
| r-release-windows-x86_64 | 0.2.0 | 11.00 | 87.00 | 98.00 | ERROR | |
| r-oldrel-macos-arm64 | 0.2.0 | 5.00 | 36.00 | 41.00 | OK | |
| r-oldrel-macos-x86_64 | 0.2.0 | 7.00 | 62.00 | 69.00 | OK | |
| r-oldrel-windows-x86_64 | 0.2.0 | 14.00 | 106.00 | 120.00 | ERROR |
Version: 0.2.0
Check: tests
Result: ERROR
Running ‘testthat.R’ [6s/7s]
Running the tests in ‘tests/testthat.R’ failed.
Complete output:
> # This file is part of the standard setup for testthat.
> # It is recommended that you do not modify it.
> #
> # Where should you do additional test configuration?
> # Learn more about the roles of various files in:
> # * https://r-pkgs.org/testing-design.html#sec-tests-files-overview
> # * https://testthat.r-lib.org/articles/special-files.html
>
> library(testthat)
> library(ggpointdensity)
>
> test_check("ggpointdensity")
[ FAIL 5 | WARN 1 | SKIP 0 | PASS 8 ]
══ Failed tests ════════════════════════════════════════════════════════════════
── Error ('test-geom_pointdensity.R:20:3'): coord_fixed adjusts density correctly (method='kde2d') ──
Error in `expect_compare("<", act, exp)`: Result of comparison must be a single logical value
Backtrace:
▆
1. └─testthat::expect_lt(plot_data$ndensity[1], plot_data$ndensity[2]) at test-geom_pointdensity.R:20:3
2. └─testthat:::expect_compare("<", act, exp)
3. └─rlang::abort("Result of comparison must be a single logical value")
── Failure ('test-geom_pointdensity.R:53:7'): coord_fixed(method='kde2d') runs without warning ──
Expected `print(p1)` to run without any warnings.
i Actually got a <simpleWarning> with text:
Computation failed in `stat_pointdensity()`:
there is no package called 'MASS'
── Failure ('test-geom_pointdensity.R:64:7'): isotropic normal does not warn (method='kde2d') ──
Expected `print(p1)` to run without any warnings.
i Actually got a <simpleWarning> with text:
Computation failed in `stat_pointdensity()`:
there is no package called 'MASS'
── Failure ('test-geom_pointdensity.R:79:7'): no variation in one axis does not warn (method='kde2d') ──
Expected `print(p1)` to run without any warnings.
i Actually got a <simpleWarning> with text:
Computation failed in `stat_pointdensity()`:
there is no package called 'MASS'
── Failure ('test-geom_pointdensity.R:94:7'): no variation in both axis does not warn (method='kde2d') ──
Expected `print(p1)` to run without any warnings.
i Actually got a <simpleWarning> with text:
Computation failed in `stat_pointdensity()`:
there is no package called 'MASS'
[ FAIL 5 | WARN 1 | SKIP 0 | PASS 8 ]
Error: Test failures
Execution halted
Flavor: r-devel-linux-x86_64-debian-clang
Version: 0.2.0
Check: tests
Result: ERROR
Running ‘testthat.R’ [5s/5s]
Running the tests in ‘tests/testthat.R’ failed.
Complete output:
> # This file is part of the standard setup for testthat.
> # It is recommended that you do not modify it.
> #
> # Where should you do additional test configuration?
> # Learn more about the roles of various files in:
> # * https://r-pkgs.org/testing-design.html#sec-tests-files-overview
> # * https://testthat.r-lib.org/articles/special-files.html
>
> library(testthat)
> library(ggpointdensity)
>
> test_check("ggpointdensity")
Saving _problems/test-geom_pointdensity-20.R
Saving _problems/test-geom_pointdensity-53.R
Saving _problems/test-geom_pointdensity-64.R
Saving _problems/test-geom_pointdensity-79.R
Saving _problems/test-geom_pointdensity-94.R
[ FAIL 5 | WARN 1 | SKIP 0 | PASS 8 ]
══ Failed tests ════════════════════════════════════════════════════════════════
── Error ('test-geom_pointdensity.R:20:3'): coord_fixed adjusts density correctly (method='kde2d') ──
Error in `expect_lt(plot_data$ndensity[1], plot_data$ndensity[2])`: Result of comparison must be `TRUE`, `FALSE`, or `NA`
Backtrace:
▆
1. └─testthat::expect_lt(plot_data$ndensity[1], plot_data$ndensity[2]) at test-geom_pointdensity.R:20:3
2. └─testthat:::expect_compare_("<", act, exp)
3. └─cli::cli_abort(...)
4. └─rlang::abort(...)
── Failure ('test-geom_pointdensity.R:53:7'): coord_fixed(method='kde2d') runs without warning ──
Expected `print(p1)` not to throw any warnings.
Actually got a <simpleWarning> with message:
Computation failed in `stat_pointdensity()`:
there is no package called 'MASS'
── Failure ('test-geom_pointdensity.R:64:7'): isotropic normal does not warn (method='kde2d') ──
Expected `print(p1)` not to throw any warnings.
Actually got a <simpleWarning> with message:
Computation failed in `stat_pointdensity()`:
there is no package called 'MASS'
── Failure ('test-geom_pointdensity.R:79:7'): no variation in one axis does not warn (method='kde2d') ──
Expected `print(p1)` not to throw any warnings.
Actually got a <simpleWarning> with message:
Computation failed in `stat_pointdensity()`:
there is no package called 'MASS'
── Failure ('test-geom_pointdensity.R:94:7'): no variation in both axis does not warn (method='kde2d') ──
Expected `print(p1)` not to throw any warnings.
Actually got a <simpleWarning> with message:
Computation failed in `stat_pointdensity()`:
there is no package called 'MASS'
[ FAIL 5 | WARN 1 | SKIP 0 | PASS 8 ]
Error:
! Test failures.
Execution halted
Flavor: r-devel-linux-x86_64-debian-gcc
Version: 0.2.0
Check: tests
Result: ERROR
Running ‘testthat.R’ [10s/42s]
Running the tests in ‘tests/testthat.R’ failed.
Complete output:
> # This file is part of the standard setup for testthat.
> # It is recommended that you do not modify it.
> #
> # Where should you do additional test configuration?
> # Learn more about the roles of various files in:
> # * https://r-pkgs.org/testing-design.html#sec-tests-files-overview
> # * https://testthat.r-lib.org/articles/special-files.html
>
> library(testthat)
> library(ggpointdensity)
>
> test_check("ggpointdensity")
[ FAIL 5 | WARN 1 | SKIP 0 | PASS 8 ]
══ Failed tests ════════════════════════════════════════════════════════════════
── Error ('test-geom_pointdensity.R:20:3'): coord_fixed adjusts density correctly (method='kde2d') ──
Error in `expect_compare("<", act, exp)`: Result of comparison must be a single logical value
Backtrace:
▆
1. └─testthat::expect_lt(plot_data$ndensity[1], plot_data$ndensity[2]) at test-geom_pointdensity.R:20:3
2. └─testthat:::expect_compare("<", act, exp)
3. └─rlang::abort("Result of comparison must be a single logical value")
── Failure ('test-geom_pointdensity.R:53:7'): coord_fixed(method='kde2d') runs without warning ──
Expected `print(p1)` to run without any warnings.
i Actually got a <simpleWarning> with text:
Computation failed in `stat_pointdensity()`:
there is no package called 'MASS'
── Failure ('test-geom_pointdensity.R:64:7'): isotropic normal does not warn (method='kde2d') ──
Expected `print(p1)` to run without any warnings.
i Actually got a <simpleWarning> with text:
Computation failed in `stat_pointdensity()`:
there is no package called 'MASS'
── Failure ('test-geom_pointdensity.R:79:7'): no variation in one axis does not warn (method='kde2d') ──
Expected `print(p1)` to run without any warnings.
i Actually got a <simpleWarning> with text:
Computation failed in `stat_pointdensity()`:
there is no package called 'MASS'
── Failure ('test-geom_pointdensity.R:94:7'): no variation in both axis does not warn (method='kde2d') ──
Expected `print(p1)` to run without any warnings.
i Actually got a <simpleWarning> with text:
Computation failed in `stat_pointdensity()`:
there is no package called 'MASS'
[ FAIL 5 | WARN 1 | SKIP 0 | PASS 8 ]
Error: Test failures
Execution halted
Flavor: r-devel-linux-x86_64-fedora-clang
Version: 0.2.0
Check: tests
Result: ERROR
Running 'testthat.R' [4s]
Running the tests in 'tests/testthat.R' failed.
Complete output:
> # This file is part of the standard setup for testthat.
> # It is recommended that you do not modify it.
> #
> # Where should you do additional test configuration?
> # Learn more about the roles of various files in:
> # * https://r-pkgs.org/testing-design.html#sec-tests-files-overview
> # * https://testthat.r-lib.org/articles/special-files.html
>
> library(testthat)
> library(ggpointdensity)
>
> test_check("ggpointdensity")
[ FAIL 5 | WARN 1 | SKIP 0 | PASS 8 ]
══ Failed tests ════════════════════════════════════════════════════════════════
── Error ('test-geom_pointdensity.R:20:3'): coord_fixed adjusts density correctly (method='kde2d') ──
Error in `expect_compare("<", act, exp)`: Result of comparison must be a single logical value
Backtrace:
▆
1. └─testthat::expect_lt(plot_data$ndensity[1], plot_data$ndensity[2]) at test-geom_pointdensity.R:20:3
2. └─testthat:::expect_compare("<", act, exp)
3. └─rlang::abort("Result of comparison must be a single logical value")
── Failure ('test-geom_pointdensity.R:53:7'): coord_fixed(method='kde2d') runs without warning ──
Expected `print(p1)` to run without any warnings.
i Actually got a <simpleWarning> with text:
Computation failed in `stat_pointdensity()`:
there is no package called 'MASS'
── Failure ('test-geom_pointdensity.R:64:7'): isotropic normal does not warn (method='kde2d') ──
Expected `print(p1)` to run without any warnings.
i Actually got a <simpleWarning> with text:
Computation failed in `stat_pointdensity()`:
there is no package called 'MASS'
── Failure ('test-geom_pointdensity.R:79:7'): no variation in one axis does not warn (method='kde2d') ──
Expected `print(p1)` to run without any warnings.
i Actually got a <simpleWarning> with text:
Computation failed in `stat_pointdensity()`:
there is no package called 'MASS'
── Failure ('test-geom_pointdensity.R:94:7'): no variation in both axis does not warn (method='kde2d') ──
Expected `print(p1)` to run without any warnings.
i Actually got a <simpleWarning> with text:
Computation failed in `stat_pointdensity()`:
there is no package called 'MASS'
[ FAIL 5 | WARN 1 | SKIP 0 | PASS 8 ]
Error: Test failures
Execution halted
Flavors: r-devel-windows-x86_64, r-release-windows-x86_64
Version: 0.2.0
Check: tests
Result: ERROR
Running ‘testthat.R’ [5s/7s]
Running the tests in ‘tests/testthat.R’ failed.
Complete output:
> # This file is part of the standard setup for testthat.
> # It is recommended that you do not modify it.
> #
> # Where should you do additional test configuration?
> # Learn more about the roles of various files in:
> # * https://r-pkgs.org/testing-design.html#sec-tests-files-overview
> # * https://testthat.r-lib.org/articles/special-files.html
>
> library(testthat)
> library(ggpointdensity)
>
> test_check("ggpointdensity")
[ FAIL 5 | WARN 1 | SKIP 0 | PASS 8 ]
══ Failed tests ════════════════════════════════════════════════════════════════
── Error ('test-geom_pointdensity.R:20:3'): coord_fixed adjusts density correctly (method='kde2d') ──
Error in `expect_compare("<", act, exp)`: Result of comparison must be a single logical value
Backtrace:
▆
1. └─testthat::expect_lt(plot_data$ndensity[1], plot_data$ndensity[2]) at test-geom_pointdensity.R:20:3
2. └─testthat:::expect_compare("<", act, exp)
3. └─rlang::abort("Result of comparison must be a single logical value")
── Failure ('test-geom_pointdensity.R:53:7'): coord_fixed(method='kde2d') runs without warning ──
Expected `print(p1)` to run without any warnings.
i Actually got a <simpleWarning> with text:
Computation failed in `stat_pointdensity()`:
there is no package called 'MASS'
── Failure ('test-geom_pointdensity.R:64:7'): isotropic normal does not warn (method='kde2d') ──
Expected `print(p1)` to run without any warnings.
i Actually got a <simpleWarning> with text:
Computation failed in `stat_pointdensity()`:
there is no package called 'MASS'
── Failure ('test-geom_pointdensity.R:79:7'): no variation in one axis does not warn (method='kde2d') ──
Expected `print(p1)` to run without any warnings.
i Actually got a <simpleWarning> with text:
Computation failed in `stat_pointdensity()`:
there is no package called 'MASS'
── Failure ('test-geom_pointdensity.R:94:7'): no variation in both axis does not warn (method='kde2d') ──
Expected `print(p1)` to run without any warnings.
i Actually got a <simpleWarning> with text:
Computation failed in `stat_pointdensity()`:
there is no package called 'MASS'
[ FAIL 5 | WARN 1 | SKIP 0 | PASS 8 ]
Error: Test failures
Execution halted
Flavor: r-patched-linux-x86_64
Version: 0.2.0
Check: tests
Result: ERROR
Running ‘testthat.R’ [6s/7s]
Running the tests in ‘tests/testthat.R’ failed.
Complete output:
> # This file is part of the standard setup for testthat.
> # It is recommended that you do not modify it.
> #
> # Where should you do additional test configuration?
> # Learn more about the roles of various files in:
> # * https://r-pkgs.org/testing-design.html#sec-tests-files-overview
> # * https://testthat.r-lib.org/articles/special-files.html
>
> library(testthat)
> library(ggpointdensity)
>
> test_check("ggpointdensity")
Saving _problems/test-geom_pointdensity-20.R
Saving _problems/test-geom_pointdensity-53.R
Saving _problems/test-geom_pointdensity-64.R
Saving _problems/test-geom_pointdensity-79.R
Saving _problems/test-geom_pointdensity-94.R
[ FAIL 5 | WARN 1 | SKIP 0 | PASS 8 ]
══ Failed tests ════════════════════════════════════════════════════════════════
── Error ('test-geom_pointdensity.R:20:3'): coord_fixed adjusts density correctly (method='kde2d') ──
Error in `expect_lt(plot_data$ndensity[1], plot_data$ndensity[2])`: Result of comparison must be `TRUE`, `FALSE`, or `NA`
Backtrace:
▆
1. └─testthat::expect_lt(plot_data$ndensity[1], plot_data$ndensity[2]) at test-geom_pointdensity.R:20:3
2. └─testthat:::expect_compare_("<", act, exp)
3. └─cli::cli_abort(...)
4. └─rlang::abort(...)
── Failure ('test-geom_pointdensity.R:53:7'): coord_fixed(method='kde2d') runs without warning ──
Expected `print(p1)` not to throw any warnings.
Actually got a <simpleWarning> with message:
Computation failed in `stat_pointdensity()`:
there is no package called 'MASS'
── Failure ('test-geom_pointdensity.R:64:7'): isotropic normal does not warn (method='kde2d') ──
Expected `print(p1)` not to throw any warnings.
Actually got a <simpleWarning> with message:
Computation failed in `stat_pointdensity()`:
there is no package called 'MASS'
── Failure ('test-geom_pointdensity.R:79:7'): no variation in one axis does not warn (method='kde2d') ──
Expected `print(p1)` not to throw any warnings.
Actually got a <simpleWarning> with message:
Computation failed in `stat_pointdensity()`:
there is no package called 'MASS'
── Failure ('test-geom_pointdensity.R:94:7'): no variation in both axis does not warn (method='kde2d') ──
Expected `print(p1)` not to throw any warnings.
Actually got a <simpleWarning> with message:
Computation failed in `stat_pointdensity()`:
there is no package called 'MASS'
[ FAIL 5 | WARN 1 | SKIP 0 | PASS 8 ]
Error:
! Test failures.
Execution halted
Flavor: r-release-linux-x86_64
Version: 0.2.0
Check: tests
Result: ERROR
Running 'testthat.R' [6s]
Running the tests in 'tests/testthat.R' failed.
Complete output:
> # This file is part of the standard setup for testthat.
> # It is recommended that you do not modify it.
> #
> # Where should you do additional test configuration?
> # Learn more about the roles of various files in:
> # * https://r-pkgs.org/testing-design.html#sec-tests-files-overview
> # * https://testthat.r-lib.org/articles/special-files.html
>
> library(testthat)
> library(ggpointdensity)
>
> test_check("ggpointdensity")
[ FAIL 5 | WARN 1 | SKIP 0 | PASS 8 ]
══ Failed tests ════════════════════════════════════════════════════════════════
── Error ('test-geom_pointdensity.R:20:3'): coord_fixed adjusts density correctly (method='kde2d') ──
Error in `expect_compare("<", act, exp)`: Result of comparison must be a single logical value
Backtrace:
▆
1. └─testthat::expect_lt(plot_data$ndensity[1], plot_data$ndensity[2]) at test-geom_pointdensity.R:20:3
2. └─testthat:::expect_compare("<", act, exp)
3. └─rlang::abort("Result of comparison must be a single logical value")
── Failure ('test-geom_pointdensity.R:53:7'): coord_fixed(method='kde2d') runs without warning ──
Expected `print(p1)` to run without any warnings.
i Actually got a <simpleWarning> with text:
Computation failed in `stat_pointdensity()`:
there is no package called 'MASS'
── Failure ('test-geom_pointdensity.R:64:7'): isotropic normal does not warn (method='kde2d') ──
Expected `print(p1)` to run without any warnings.
i Actually got a <simpleWarning> with text:
Computation failed in `stat_pointdensity()`:
there is no package called 'MASS'
── Failure ('test-geom_pointdensity.R:79:7'): no variation in one axis does not warn (method='kde2d') ──
Expected `print(p1)` to run without any warnings.
i Actually got a <simpleWarning> with text:
Computation failed in `stat_pointdensity()`:
there is no package called 'MASS'
── Failure ('test-geom_pointdensity.R:94:7'): no variation in both axis does not warn (method='kde2d') ──
Expected `print(p1)` to run without any warnings.
i Actually got a <simpleWarning> with text:
Computation failed in `stat_pointdensity()`:
there is no package called 'MASS'
[ FAIL 5 | WARN 1 | SKIP 0 | PASS 8 ]
Error: Test failures
Execution halted
Flavor: r-oldrel-windows-x86_64